/*
SQLyog Community Edition- MySQL GUI v6.07
Host - 5.0.27-community-nt : Database - jp_core
*********************************************************************
Server version : 5.0.27-community-nt
*/





/*Table structure for table `jos_avr_player` */


CREATE TABLE `jos_avr_player` (
  `id` int(11) NOT NULL auto_increment,
  `version` int(11) NOT NULL default '0',
  `minw` int(11) NOT NULL default '0',
  `minh` int(11) NOT NULL default '0',
  `isjw` int(1) NOT NULL default '0',
  `name` varchar(25) NOT NULL,
  `code` mediumtext NOT NULL,
  `description` varchar(255) NOT NULL default '',
  PRIMARY KEY  (`id`)
) ENGINE=MyISAM AUTO_INCREMENT=43 DEFAULT CHARSET=utf8;



/*Table structure for table `jos_avr_popup` */


CREATE TABLE `jos_avr_popup` (
  `id` int(11) NOT NULL auto_increment,
  `divid` varchar(255) NOT NULL,
  `code` mediumtext NOT NULL,
  `width` int(11) NOT NULL,
  `height` int(11) NOT NULL,
  `wtime` datetime NOT NULL default '0000-00-00 00:00:00',
  PRIMARY KEY  (`id`,`divid`)
) ENGINE=MyISAM AUTO_INCREMENT=83 DEFAULT CHARSET=utf8;

/*Data for the table `jos_avr_popup` */

/*Table structure for table `jos_avr_ripper` */


CREATE TABLE `jos_avr_ripper` (
  `id` int(11) NOT NULL auto_increment,
  `version` int(11) NOT NULL default '0',
  `flags` int(11) NOT NULL default '0',
  `cindex` int(11) NOT NULL default '0',
  `name` varchar(25) NOT NULL,
  `url` varchar(255) NOT NULL,
  `regex` varchar(255) NOT NULL,
  `description` varchar(255) NOT NULL default '',
  PRIMARY KEY  (`id`)
) ENGINE=MyISAM AUTO_INCREMENT=14 DEFAULT CHARSET=utf8;

/*Data for the table `jos_avr_ripper` */

insert  into `jos_avr_ripper`(`id`,`version`,`flags`,`cindex`,`name`,`url`,`regex`,`description`) values (1,0,0,0,'6cn','http://6.cn/watch/@CODE@.html','pageMessage.evid\\s*=\\s*\'([^\']+)\'\\s*;','6CN.com'),(2,0,0,0,'bofunk','http://www.bofunk.com/video/@CODE@.html','<input\\stype=\'text\'\\svalue=\'<embed\\ssrc=\"([^\"]+)\"','Bofunk.com'),(3,0,0,0,'break','http://www.break.com/index/@CODE@.html','<param name=\"movie\" value=\"([^\"]+)\">','Break.com'),(4,0,0,0,'dropshots','http://www.dropshots.com/V1.0/Media.getList?appid=dropshots&username=@USER@&min_taken_date=@CODE@&passwordprotection=false&output=xml','<video>(.+)</video>','Dropshots.com'),(5,0,0,0,'mega','http://www.megavideo.com/?v=@CODE@','addVariable\\s*\\(\\s*\"flv\"\\s*,\\s*\"([^\"]+)\"[\\s\\S]*?addVariable\\s*\\(\\s*\"k\"\\s*,\\s*\"([^\"]+)\"[\\s\\S]*?addVariable\\s*\\(\\s*\"vid_time\"\\s*,\\s*\"([^\"]+)\"','MegaVideo.com'),(6,0,0,0,'ted','http://www.ted.com/index.php/talks/view/id/@CODE@','firstRun\\s*=\\s*\"([^\"]+)\"','TED.com'),(7,0,0,0,'ted2','http://www.ted.com/index.php/talks/view/id/@CODE@','paste-->.+&file=([^&]+).*</object>','TED.com (for alternate player)'),(8,0,0,0,'yahoo','http://video.yahoo.com/watch/@CODE@','addVariable\\s*\\(\\s*\"id\"\\s*,\\s*\"([^\"]+)\"','Yahoo Video'),(9,0,0,0,'streetfire','http://videos.streetfire.net/video/@CODE@.htm','_embedCodeID.*video=([\\dabcdef\\-]+)','StreetFire'),(10,0,0,0,'myshows','http://www.myshows.cn/myplayvideo.aspx?vid=@CODE@','vidFileName=([^\"]+)','Myshows.cn (previouslyly seehaha.com)'),(11,0,0,0,'virb','http://www.virb.com/@CODE@','external/video/([^&\"]+)','Virb.com'),(12,0,0,0,'blip','http://www.blip.tv/file/@CODE@','setPostsId\\s*\\(\\s*(\\d+)\\s*\\)','Blip.tv'),(13,0,0,0,'apple','http://www.apple.com/trailers/@CODE@','\'(http:\\/\\/movies\\.apple\\.com\\/.*?\\.mov)\'','Apple.com trailers');

/*Table structure for table `jos_avr_tags` */


CREATE TABLE `jos_avr_tags` (
  `id` int(11) NOT NULL auto_increment,
  `version` int(11) NOT NULL default '0',
  `player_id` int(11) NOT NULL,
  `ripper_id` int(11) NOT NULL default '0',
  `local` int(1) NOT NULL default '0',
  `plist` int(1) NOT NULL default '0',
  `name` varchar(25) NOT NULL,
  `postreplace` varchar(255) NOT NULL default '',
  `sampleregex` varchar(255) NOT NULL default '',
  `description` varchar(255) NOT NULL default '',
  PRIMARY KEY  (`id`),
  KEY `tag` (`name`)
) ENGINE=MyISAM AUTO_INCREMENT=94 DEFAULT CHARSET=utf8;

/*Data for the table `jos_avr_tags` */

insert  into `jos_avr_tags`(`id`,`version`,`player_id`,`ripper_id`,`local`,`plist`,`name`,`postreplace`,`sampleregex`,`description`) values (1,0,1,0,1,1,'flv','a:1:{s:6:\"@MURL@\";s:16:\"@VLOC@@CODE@.flv\";}','^(.+)\\.flv$','Local FLV'),(2,0,1,0,0,1,'flvremote','a:1:{s:6:\"@MURL@\";s:6:\"@CODE@\";}','^(https{0,1}:\\/\\/.*\\.flv)$','Generic Remote FLV'),(3,0,1,0,1,1,'swf','a:1:{s:6:\"@MURL@\";s:16:\"@VLOC@@CODE@.swf\";}','^(.+)\\.swf$','Local SWF Video'),(4,0,1,0,0,1,'swfremote','a:1:{s:6:\"@MURL@\";s:6:\"@CODE@\";}','^(https{0,1}:\\/\\/.*\\.swf)$','Generic Remote SWF Video'),(5,0,1,0,1,1,'mp3','a:3:{s:7:\"@WIDTH@\";s:8:\"@AWIDTH@\";s:8:\"@HEIGHT@\";s:9:\"@AHEIGHT@\";s:6:\"@MURL@\";s:16:\"@ALOC@@CODE@.mp3\";}','^(.+)\\.mp3$','Local MP3'),(6,0,1,0,0,1,'mp3remote','a:3:{s:7:\"@WIDTH@\";s:8:\"@AWIDTH@\";s:8:\"@HEIGHT@\";s:9:\"@AHEIGHT@\";s:6:\"@MURL@\";s:6:\"@CODE@\";}','^(https{0,1}:\\/\\/.*\\.mp3)$','Generic Remote MP3'),(7,0,1,0,1,1,'mp4-flv','a:2:{s:6:\"@TYPE@\";s:3:\"flv\";s:6:\"@MURL@\";s:16:\"@VLOC@@CODE@.mp4\";}','^(.+)\\.mp4$','Local MP4 (JW Media Player)'),(8,0,1,0,0,1,'mp4-flvremote','a:4:{s:7:\"@WIDTH@\";s:7:\"@WIDTH@\";s:8:\"@HEIGHT@\";s:8:\"@HEIGHT@\";s:6:\"@TYPE@\";s:3:\"flv\";s:6:\"@MURL@\";s:6:\"@CODE@\";}','^(https{0,1}:\\/\\/.*\\.mp4)$','Generic Remote MP4 (JW Media Player)'),(9,0,1,0,1,1,'m4v','a:1:{s:6:\"@MURL@\";s:16:\"@VLOC@@CODE@.m4v\";}','^(.+)\\.m4v$','Local M4V'),(10,0,1,0,0,1,'m4vremote','a:1:{s:6:\"@MURL@\";s:6:\"@CODE@\";}','^(https{0,1}:\\/\\/.*\\.m4v)$','Generic Remote M4V'),(11,0,1,0,1,1,'3gp','a:1:{s:6:\"@MURL@\";s:16:\"@VLOC@@CODE@.3gp\";}','^(.+)\\.3gp$','Local 3GP'),(12,0,1,0,0,1,'3gpremote','a:1:{s:6:\"@MURL@\";s:6:\"@CODE@\";}','^(https{0,1}:\\/\\/.*\\.3gp)$','Generic Remote 3GP'),(13,0,1,0,1,1,'rbs','a:1:{s:6:\"@MURL@\";s:16:\"@VLOC@@CODE@.rbs\";}','^(.+)\\.rbs$','Local RBS'),(14,0,1,0,0,1,'rbsremote','a:1:{s:6:\"@MURL@\";s:6:\"@CODE@\";}','^(https{0,1}:\\/\\/.*\\.rbs)$','Generic Remote RBS'),(15,0,1,0,1,0,'auto','a:1:{s:6:\"@MURL@\";s:12:\"@VLOC@@CODE@\";}','^(.+\\.xml)$','Local Playlist'),(16,0,1,0,0,0,'autoremote','a:1:{s:6:\"@MURL@\";s:6:\"@CODE@\";}','^(https{0,1}:\\/\\/.*\\.xml)$','Generic Remote Playlist'),(17,0,2,0,1,0,'wmv','a:1:{s:6:\"@MURL@\";s:16:\"@VLOC@@CODE@.wmv\";}','^(.+)\\.wmv$','Local WMV'),(18,0,2,0,0,0,'wmvremote','a:1:{s:6:\"@MURL@\";s:6:\"@CODE@\";}','^(https{0,1}:\\/\\/.*\\.wmv)$','Generic Remote WMV'),(19,0,2,0,1,0,'wma','a:1:{s:6:\"@MURL@\";s:16:\"@VLOC@@CODE@.wma\";}','^(.+)\\.wma$','Local WMA'),(20,0,2,0,0,0,'wmaremote','a:3:{s:7:\"@WIDTH@\";s:8:\"@AWIDTH@\";s:8:\"@HEIGHT@\";s:9:\"@AHEIGHT@\";s:6:\"@MURL@\";s:6:\"@CODE@\";}','^(https{0,1}:\\/\\/.*\\.wma)$','Generic Remote WMA'),(21,0,2,0,1,0,'avi','a:1:{s:6:\"@MURL@\";s:16:\"@VLOC@@CODE@.avi\";}','^(.+)\\.avi$','Local AVI'),(22,0,2,0,0,0,'aviremote','a:1:{s:6:\"@MURL@\";s:6:\"@CODE@\";}','^(https{0,1}:\\/\\/.*\\.avi)$','Generic Remote AVI'),(23,0,2,0,1,0,'mpg','a:1:{s:6:\"@MURL@\";s:16:\"@VLOC@@CODE@.mpg\";}','^(.+)\\.mpg$','Local MPG'),(24,0,2,0,0,0,'mpgremote','a:1:{s:6:\"@MURL@\";s:6:\"@CODE@\";}','^(https{0,1}:\\/\\/.*\\.mpg)$','Generic Remote MPG'),(25,0,2,0,1,0,'mpeg','a:1:{s:6:\"@MURL@\";s:17:\"@VLOC@@CODE@.mpeg\";}','^(.+)\\.mpeg$','Local MPEG'),(26,0,2,0,0,0,'mpegremote','a:1:{s:6:\"@MURL@\";s:6:\"@CODE@\";}','^(https{0,1}:\\/\\/.*\\.mpeg)$','Generic Remote MPEG'),(27,0,3,0,1,0,'mov','a:1:{s:6:\"@MURL@\";s:16:\"@VLOC@@CODE@.mov\";}','^(.+)\\.mov$','Local MOV (QuickTime)'),(28,0,3,0,0,0,'movremote','a:1:{s:6:\"@MURL@\";s:6:\"@CODE@\";}','^(https{0,1}:\\/\\/.*\\.mov)$','Generic Remote MOV (QuickTime)'),(29,0,3,0,1,0,'mp4','a:1:{s:6:\"@MURL@\";s:16:\"@VLOC@@CODE@.mp4\";}','^(.+)\\.mp4','Local MP4 (QuickTime)'),(30,0,3,0,0,0,'mp4remote','a:1:{s:6:\"@MURL@\";s:6:\"@CODE@\";}','^(https{0,1}:\\/\\/.*\\.mp4)$','Generic Remote MP4 (QuickTime)'),(31,0,4,0,1,0,'rm','a:1:{s:6:\"@MURL@\";s:15:\"@VLOC@@CODE@.rm\";}','^(.+)\\.rm$','Local RM (RealMedia)'),(32,0,4,0,2,0,'rmremote','a:1:{s:6:\"@MURL@\";s:6:\"@CODE@\";}','^(https{0,1}:\\/\\/.*\\.rm)$','Generic Remote RM (RealMedia)'),(33,0,4,0,1,0,'ram','a:1:{s:6:\"@MURL@\";s:16:\"@VLOC@@CODE@.ram\";}','^(.+)\\.ram$','Local RAM (RealMedia)'),(34,0,4,0,0,0,'ramremote','a:1:{s:6:\"@MURL@\";s:6:\"@CODE@\";}','^(https{0,1}:\\/\\/.*\\.ram)$','Generic Remote RAM (RealMedia)'),(35,0,5,0,1,0,'divx','a:1:{s:6:\"@MURL@\";s:17:\"@VLOC@@CODE@.divx\";}','^(.+)\\.divx','Local DivX'),(36,0,5,0,0,0,'divxremote','a:1:{s:6:\"@MURL@\";s:6:\"@CODE@\";}','^(https{0,1}:\\/\\/.*\\.divx)$','Generic Remote DivX'),(37,0,6,1,0,0,'6cn','','http:\\/\\/6\\.cn\\/watch\\/(\\d+)\\.html','6CN.com'),(38,0,7,0,0,0,'biku','','http:\\/\\/www\\.biku\\.com\\/opus\\/(\\d+)\\.html','Biku.com'),(39,0,8,2,0,0,'bofunk','','http:\\/\\/www.bofunk.com\\/video\\/(\\d+\\/[^\\.]+)\\.html$','Bofunk.com'),(40,0,9,3,0,0,'break','','http:\\/\\/www\\.break\\.com\\/index\\/(.*)\\.html$','Break.com'),(41,0,10,0,0,0,'clipfish','','http:\\/\\/www\\.clipfish\\.de\\/player\\.php\\?videoid=(.+)','ClipFish.de'),(42,0,11,0,0,0,'collegehumor','','http:\\/\\/www\\.collegehumor\\.com\\/video:(\\d+)','College Humor'),(43,0,12,0,0,0,'currenttv','','http:\\/\\/current\\.com\\/items\\/(\\d+)_.*','Current-TV'),(44,0,13,0,0,0,'dmotion','','http:\\/\\/www\\.dailymotion\\.com\\/.*video\\/([^_]+)_[^\\/]+$','DailyMotion.com'),(45,0,1,4,0,0,'dropshots','a:1:{s:6:\"@MURL@\";s:6:\"@CODE@\";}','','Dropshots.com'),(46,0,14,0,0,0,'freevideoblog','','http:\\/\\/www\\.vidiac\\.com\\/video\\/([\\dabcdef\\-]+)\\.htm$','Vidiac.com (previously FreeVideoBlog)'),(47,0,15,0,0,0,'gametrailers','','http:\\/\\/www\\.gametrailers\\.com\\/player\\/(\\d+)\\.html$','GameTrailers'),(48,0,16,0,0,0,'google','a:1:{s:6:\"@LANG@\";s:2:\"en\";}','http:\\/\\/video\\.google\\.com\\/videoplay\\?docid=(-{0,1}\\d+)','Google Video (international)'),(49,0,16,0,0,0,'google.co.uk','a:1:{s:6:\"@LANG@\";s:5:\"en-GB\";}','http:\\/\\/video\\.google\\.co\\.uk\\/videoplay\\?docid=(-{0,1}\\d+)$','Google Video (UK)'),(50,0,16,0,0,0,'google.com.au','a:1:{s:6:\"@LANG@\";s:5:\"en-AU\";}','http:\\/\\/video\\.google\\.com\\.au\\/videoplay\\?docid=(-{0,1}\\d+)$','Google Video (Australia)'),(51,0,16,0,0,0,'google.de','a:1:{s:6:\"@LANG@\";s:2:\"de\";}','http:\\/\\/video\\.google\\.de\\/videoplay\\?docid=(-{0,1}\\d+)$','Google Video (Germany)'),(52,0,16,0,0,0,'google.es','a:1:{s:6:\"@LANG@\";s:2:\"es\";}','http:\\/\\/video\\.google\\.es\\/videoplay\\?docid=(-{0,1}\\d+)$','Google Video (Spain)'),(53,0,16,0,0,0,'google.fr','a:1:{s:6:\"@LANG@\";s:2:\"fr\";}','http:\\/\\/video\\.google\\.fr\\/videoplay\\?docid=(-{0,1}\\d+)$','Google Video (France)'),(54,0,16,0,0,0,'google.it','a:1:{s:6:\"@LANG@\";s:2:\"it\";}','http:\\/\\/video\\.google\\.it\\/videoplay\\?docid=(-{0,1}\\d+)$','Google Video (Italy)'),(55,0,16,0,0,0,'google.nl','a:1:{s:6:\"@LANG@\";s:2:\"nl\";}','http:\\/\\/video\\.google\\.nl\\/videoplay\\?docid=(-{0,1}\\d+)$','Google Video (Netherlands)'),(56,0,16,0,0,0,'google.pl','a:1:{s:6:\"@LANG@\";s:2:\"pl\";}','http:\\/\\/video\\.google\\.pl\\/videoplay\\?docid=(-{0,1}\\d+)$','Google Video (Poland)'),(57,0,17,0,0,0,'ifilm','','','Spike.com (previously iFilm.com)'),(58,0,18,0,0,0,'jumpcut','','http:\\/\\/www\\.jumpcut\\.com\\/view\\/{0,1}\\?id=([A-F\\d]+)$','JumpCut.com'),(59,0,19,5,0,0,'mega','','http:\\/\\/www\\.megavideo\\.com\\/\\?v=(\\w+)$','MegaVideo.com'),(60,0,20,0,0,0,'metacafe','','http:\\/\\/www\\.metacafe\\.com\\/watch\\/(\\d+\\/[a-z_]+)\\/$','Metacafe.com'),(61,0,21,0,0,0,'mofile','','http:\\/\\/tv\\.mofile\\.com\\/([^\\/]+)\\/$','Mofile TV'),(62,0,22,0,0,0,'myvideo','','http:\\/\\/www\\.myvideo\\.de\\/watch\\/(\\d+)','MyVideo.de'),(63,0,23,0,0,0,'quxiu','','http:\\/\\/www\\.quxiu\\.com\\/video\\/play_(\\d+_\\d+)\\.htm$','Quixu.com'),(64,0,24,0,0,0,'revver','','http:\\/\\/www\\.revver\\.com\\/video\\/(\\d+)\\/[^\\/]+\\/$','Revver.com (using Flash)'),(65,0,25,0,0,0,'seehaha','','http:\\/\\/www\\.seehaha\\.com\\/play\\/(\\d+)$','SeeHaha.com'),(66,0,26,0,0,0,'sevenload','','http:\\/\\/de\\.sevenload\\.com\\/videos\\/([^\\/\\-]{1,7})[^\\/\\-]?[\\/\\-][^\\/]+$','SevenLoad.de'),(67,0,27,0,0,0,'stickam','','http:\\/\\/www\\.stickam\\.com\\/editMediaComment\\.do\\?method=load&mId=(\\d+)$','StickAm.com'),(68,0,28,0,0,0,'streetfire','','http:\\/\\/videos\\.streetfire\\.net\\/video\\/([\\dabcdef-]+)\\.htm$','StreetFire Videos (Old variant)'),(69,0,29,6,0,0,'ted','','http:\\/\\/www\\.ted\\.com\\/(?:index\\.php\\/)?talks\\/view\\/id\\/(\\d+)$','TED.com (Original Player)'),(70,0,30,7,0,0,'ted2','','http:\\/\\/www\\.ted\\.com\\/index\\.php\\/talks\\/view\\/id\\/(\\d+)$','TED.com (Foreign Player)'),(71,0,31,0,0,0,'tudou','','http:\\/\\/www\\.tudou\\.com\\/programs\\/view\\/([^\\/]+)\\/$','Tudou.com'),(72,0,32,0,0,0,'uume','','http:\\/\\/www\\.uume\\.com\\/play_([^\\/]+)$','Uume.com'),(73,0,33,0,0,0,'vimeo','','http:\\/\\/(?:www\\.)?vimeo\\.com\\/(\\d+)$','Vimeo'),(74,0,34,0,0,0,'virb','','','Virb.com'),(75,0,1,0,0,0,'wangyou','a:1:{s:6:\"@MURL@\";s:50:\"http://v.wangyou.com/playlistMedia.php%3Fid=@CODE@\";}','http:\\/\\/v\\.wangyou\\.com\\/p([^\\.]+)\\.html','WangYou.com'),(76,0,36,8,0,0,'yahoo','','http:\\/\\/video\\.yahoo\\.com\\/watch\\/(\\d+)\\/.*$','Yahoo Video'),(77,0,37,0,0,0,'youtube','','http:\\/\\/(?:\\w+\\.)?youtube\\.com\\/watch\\?.*v=([^&]+).*$','YouTube (Original Player)'),(78,0,1,0,0,1,'youtubejw','a:2:{s:10:\"@IFS(IMG)@\";s:59:\"image:\'http://i.ytimg.com/vi/@CODE@/default.jpg\',@IFS(IMG)@\";s:6:\"@MURL@\";s:41:\"http://www.youtube.com/watch%3Fv%3D@CODE@\";}','http:\\/\\/(?:\\w+\\.)?youtube\\.com\\/watch\\?.*v=([^&]+).*$','YouTube (JW Media Player)'),(81,0,3,0,0,0,'revver-mov','a:1:{s:6:\"@MURL@\";s:50:\"http://media.revver.com/broadcast/@CODE@/video.mov\";}','','Revver.com (using QuickTime)'),(82,0,28,9,0,0,'streetfire2','','http:\\/\\/videos\\.streetfire\\.net\\/video\\/([^\\/\\.]+)\\.htm$','StreetFire Videos'),(83,0,14,0,0,0,'vidiac','','http:\\/\\/www\\.vidiac\\.com\\/video\\/([\\dabcdef\\-]+)\\.htm$','Vidiac.com (previously FreeVideoBlog)'),(84,0,39,0,1,0,'flash','a:1:{s:6:\"@MURL@\";s:16:\"@VLOC@@CODE@.swf\";}','^(.+)\\.swf$','Plain local flash embedding (for flash animations)'),(85,0,39,0,0,0,'flashremote','a:1:{s:6:\"@MURL@\";s:6:\"@CODE@\";}','^(https{0,1}:\\/\\/.*\\.swf)$','Plain remote flash embedding (for flash animations)'),(86,0,17,0,0,0,'spike','','^http:\\/\\/www\\.spike\\.com\\/video\\/.*\\/(\\d+)$','Spike.com (previously iFilm.com)'),(87,0,40,0,0,0,'bcove','','^http:\\/\\/www\\.brightcove\\.tv\\/title\\.jsp\\?title=(\\d+).*$','Brightcove.tv'),(88,0,41,10,0,0,'myshows','','http:\\/\\/www\\.myshows\\.cn\\/myplayvideo\\.aspx\\?vid=(\\d+)','Myshows.cn (previouslyly seehaha.com)'),(89,0,34,11,0,0,'virb2','','http:\\/\\/www\\.virb\\.com\\/(.*)$','Virb.com'),(90,0,42,12,0,0,'blip','','^http:\\/\\/(?:www\\.)?blip\\.tv\\/file\\/(\\d+).*','Blip.tv'),(91,0,1,12,0,0,'blipjw','a:1:{s:6:\"@MURL@\";s:57:\"http://blip.tv/rss/flash/@CODE@?referrer=blip.tv&source=1\";}','^http:\\/\\/(?:www\\.)?blip\\.tv\\/file\\/(\\d+)\\?.*','Blip.tv using JW Media Player'),(92,0,3,13,0,0,'apple','a:1:{s:6:\"@MURL@\";s:6:\"@CODE@\";}','^http:\\/\\/www\\.apple\\.com\\/trailers\\/(.*)','Apple.com trailers'),(93,0,39,0,0,0,'movieweb','a:1:{s:6:\"@MURL@\";s:32:\"http://www.movieweb.com/v/@CODE@\";}','http:\\/\\/www\\.movieweb\\.com\\/video\\/(\\w+)$','MovieWeb');

/*Table structure for table `jos_avrbak_avr_player` */


CREATE TABLE `jos_avrbak_avr_player` (
  `id` int(11) NOT NULL auto_increment,
  `version` int(11) NOT NULL default '0',
  `minw` int(11) NOT NULL default '0',
  `minh` int(11) NOT NULL default '0',
  `isjw` int(1) NOT NULL default '0',
  `name` varchar(25) NOT NULL,
  `code` mediumtext NOT NULL,
  `description` varchar(255) NOT NULL default '',
  PRIMARY KEY  (`id`)
) ENGINE=MyISAM AUTO_INCREMENT=38 DEFAULT CHARSET=utf8;

/*Data for the table `jos_avrbak_avr_player` */

/*Table structure for table `jos_avrbak_avr_ripper` */


CREATE TABLE `jos_avrbak_avr_ripper` (
  `id` int(11) NOT NULL auto_increment,
  `version` int(11) NOT NULL default '0',
  `flags` int(11) NOT NULL default '0',
  `cindex` int(11) NOT NULL default '0',
  `name` varchar(25) NOT NULL,
  `url` varchar(255) NOT NULL,
  `regex` varchar(255) NOT NULL,
  `description` varchar(255) NOT NULL default '',
  PRIMARY KEY  (`id`)
) ENGINE=MyISAM AUTO_INCREMENT=10 DEFAULT CHARSET=utf8;

/*Data for the table `jos_avrbak_avr_ripper` */

/*Table structure for table `jos_avrbak_avr_tags` */


CREATE TABLE `jos_avrbak_avr_tags` (
  `id` int(11) NOT NULL auto_increment,
  `version` int(11) NOT NULL default '0',
  `player_id` int(11) NOT NULL,
  `ripper_id` int(11) NOT NULL default '0',
  `local` int(1) NOT NULL default '0',
  `plist` int(1) NOT NULL default '0',
  `name` varchar(25) NOT NULL,
  `postreplace` varchar(255) NOT NULL default '',
  `sampleregex` varchar(255) NOT NULL default '',
  `description` varchar(255) NOT NULL default '',
  PRIMARY KEY  (`id`),
  KEY `tag` (`name`)
) ENGINE=MyISAM AUTO_INCREMENT=83 DEFAULT CHARSET=utf8;

/*Data for the table `jos_avrbak_avr_tags` */

/*Table structure for table `jos_banner` */


CREATE TABLE `jos_banner` (
  `bid` int(11) NOT NULL auto_increment,
  `cid` int(11) NOT NULL default '0',
  `type` varchar(30) NOT NULL default 'banner',
  `name` varchar(255) NOT NULL default '',
  `alias` varchar(255) NOT NULL default '',
  `imptotal` int(11) NOT NULL default '0',
  `impmade` int(11) NOT NULL default '0',
  `clicks` int(11) NOT NULL default '0',
  `imageurl` varchar(100) NOT NULL default '',
  `clickurl` varchar(200) NOT NULL default '',
  `date` datetime default NULL,
  `showBanner` tinyint(1) NOT NULL default '0',
  `checked_out` tinyint(1) NOT NULL default '0',
  `checked_out_time` datetime NOT NULL default '0000-00-00 00:00:00',
  `editor` varchar(50) default NULL,
  `custombannercode` text,
  `catid` int(10) unsigned NOT NULL default '0',
  `description` text NOT NULL,
  `sticky` tinyint(1) unsigned NOT NULL default '0',
  `ordering` int(11) NOT NULL default '0',
  `publish_up` datetime NOT NULL default '0000-00-00 00:00:00',
  `publish_down` datetime NOT NULL default '0000-00-00 00:00:00',
  `tags` text NOT NULL,
  `params` text NOT NULL,
  PRIMARY KEY  (`bid`),
  KEY `viewbanner` (`showBanner`),
  KEY `idx_banner_catid` (`catid`)
) ENGINE=MyISAM DEFAULT CHARSET=utf8;

/*Data for the table `jos_banner` */

/*Table structure for table `jos_bannerclient` */


CREATE TABLE `jos_bannerclient` (
  `cid` int(11) NOT NULL auto_increment,
  `name` varchar(255) NOT NULL default '',
  `contact` varchar(255) NOT NULL default '',
  `email` varchar(255) NOT NULL default '',
  `extrainfo` text NOT NULL,
  `checked_out` tinyint(1) NOT NULL default '0',
  `checked_out_time` time default NULL,
  `editor` varchar(50) default NULL,
  PRIMARY KEY  (`cid`)
) ENGINE=MyISAM DEFAULT CHARSET=utf8;

/*Data for the table `jos_bannerclient` */

/*Table structure for table `jos_bannertrack` */


CREATE TABLE `jos_bannertrack` (
  `track_date` date NOT NULL,
  `track_type` int(10) unsigned NOT NULL,
  `banner_id` int(10) unsigned NOT NULL
) ENGINE=MyISAM DEFAULT CHARSET=utf8;

/*Data for the table `jos_bannertrack` */

/*Table structure for table `jos_categories` */


CREATE TABLE `jos_categories` (
  `id` int(11) NOT NULL auto_increment,
  `parent_id` int(11) NOT NULL default '0',
  `title` varchar(255) NOT NULL default '',
  `name` varchar(255) NOT NULL default '',
  `alias` varchar(255) NOT NULL default '',
  `image` varchar(255) NOT NULL default '',
  `section` varchar(50) NOT NULL default '',
  `image_position` varchar(30) NOT NULL default '',
  `description` text NOT NULL,
  `published` tinyint(1) NOT NULL default '0',
  `checked_out` int(11) unsigned NOT NULL default '0',
  `checked_out_time` datetime NOT NULL default '0000-00-00 00:00:00',
  `editor` varchar(50) default NULL,
  `ordering` int(11) NOT NULL default '0',
  `access` tinyint(3) unsigned NOT NULL default '0',
  `count` int(11) NOT NULL default '0',
  `params` text NOT NULL,
  PRIMARY KEY  (`id`),
  KEY `cat_idx` (`section`,`published`,`access`),
  KEY `idx_access` (`access`),
  KEY `idx_checkout` (`checked_out`)
) ENGINE=MyISAM AUTO_INCREMENT=2 DEFAULT CHARSET=utf8;

/*Data for the table `jos_categories` */

insert  into `jos_categories`(`id`,`parent_id`,`title`,`name`,`alias`,`image`,`section`,`image_position`,`description`,`published`,`checked_out`,`checked_out_time`,`editor`,`ordering`,`access`,`count`,`params`) values (1,0,'Getting Started','','getting-started','','1','left','Feel free to delete this category once you\'ve read all its content',1,0,'0000-00-00 00:00:00',NULL,1,0,0,'');

/*Table structure for table `jos_components` */


CREATE TABLE `jos_components` (
  `id` int(11) NOT NULL auto_increment,
  `name` varchar(50) NOT NULL default '',
  `link` varchar(255) NOT NULL default '',
  `menuid` int(11) unsigned NOT NULL default '0',
  `parent` int(11) unsigned NOT NULL default '0',
  `admin_menu_link` varchar(255) NOT NULL default '',
  `admin_menu_alt` varchar(255) NOT NULL default '',
  `option` varchar(50) NOT NULL default '',
  `ordering` int(11) NOT NULL default '0',
  `admin_menu_img` varchar(255) NOT NULL default '',
  `iscore` tinyint(4) NOT NULL default '0',
  `params` text NOT NULL,
  `enabled` tinyint(4) NOT NULL default '1',
  PRIMARY KEY  (`id`),
  KEY `parent_option` (`parent`,`option`(32))
) ENGINE=MyISAM AUTO_INCREMENT=65 DEFAULT CHARSET=utf8;

/*Data for the table `jos_components` */

insert  into `jos_components`(`id`,`name`,`link`,`menuid`,`parent`,`admin_menu_link`,`admin_menu_alt`,`option`,`ordering`,`admin_menu_img`,`iscore`,`params`,`enabled`) values (1,'Banners','',0,0,'','Banner Management','com_banners',0,'js/ThemeOffice/component.png',0,'track_impressions=0\ntrack_clicks=0\ntag_prefix=\n\n',1),(2,'Banners','',0,1,'option=com_banners','Active Banners','com_banners',1,'js/ThemeOffice/edit.png',0,'',1),(3,'Clients','',0,1,'option=com_banners&c=client','Manage Clients','com_banners',2,'js/ThemeOffice/categories.png',0,'',1),(4,'Web Links','option=com_weblinks',0,0,'','Manage Weblinks','com_weblinks',0,'js/ThemeOffice/component.png',0,'show_comp_description=1\ncomp_description=\nshow_link_hits=1\nshow_link_description=1\nshow_other_cats=1\nshow_headings=1\nshow_page_title=1\nlink_target=0\nlink_icons=\n\n',1),(5,'Links','',0,4,'option=com_weblinks','View existing weblinks','com_weblinks',1,'js/ThemeOffice/edit.png',0,'',1),(6,'Categories','',0,4,'option=com_categories&section=com_weblinks','Manage weblink categories','',2,'js/ThemeOffice/categories.png',0,'',1),(7,'Contacts','option=com_contact',0,0,'','Edit contact details','com_contact',0,'js/ThemeOffice/component.png',1,'contact_icons=0\nicon_address=\nicon_email=\nicon_telephone=\nicon_fax=\nicon_misc=\nshow_headings=1\nshow_position=1\nshow_email=0\nshow_telephone=1\nshow_mobile=1\nshow_fax=1\nbannedEmail=\nbannedSubject=\nbannedText=\nsession=1\ncustomReply=0\n\n',1),(8,'Contacts','',0,7,'option=com_contact','Edit contact details','com_contact',0,'js/ThemeOffice/edit.png',1,'',1),(9,'Categories','',0,7,'option=com_categories&section=com_contact_details','Manage contact categories','',2,'js/ThemeOffice/categories.png',1,'contact_icons=0\nicon_address=\nicon_email=\nicon_telephone=\nicon_fax=\nicon_misc=\nshow_headings=1\nshow_position=1\nshow_email=0\nshow_telephone=1\nshow_mobile=1\nshow_fax=1\nbannedEmail=\nbannedSubject=\nbannedText=\nsession=1\ncustomReply=0\n\n',1),(10,'Polls','option=com_poll',0,0,'option=com_poll','Manage Polls','com_poll',0,'js/ThemeOffice/component.png',0,'',1),(11,'News Feeds','option=com_newsfeeds',0,0,'','News Feeds Management','com_newsfeeds',0,'js/ThemeOffice/component.png',0,'',1),(12,'Feeds','',0,11,'option=com_newsfeeds','Manage News Feeds','com_newsfeeds',1,'js/ThemeOffice/edit.png',0,'show_headings=1\nshow_name=1\nshow_articles=1\nshow_link=1\nshow_cat_description=1\nshow_cat_items=1\nshow_feed_image=1\nshow_feed_description=1\nshow_item_description=1\nfeed_word_count=0\n\n',1),(13,'Categories','',0,11,'option=com_categories&section=com_newsfeeds','Manage Categories','',2,'js/ThemeOffice/categories.png',0,'',1),(14,'User','option=com_user',0,0,'','','com_user',0,'',1,'',1),(15,'Search','option=com_search',0,0,'option=com_search','Search Statistics','com_search',0,'js/ThemeOffice/component.png',1,'enabled=0\n\n',1),(16,'Categories','',0,1,'option=com_categories&section=com_banner','Categories','',3,'',1,'',1),(17,'Wrapper','option=com_wrapper',0,0,'','Wrapper','com_wrapper',0,'',1,'',1),(18,'Mail To','',0,0,'','','com_mailto',0,'',1,'',1),(19,'Media Manager','',0,0,'option=com_media','Media Manager','com_media',0,'',1,'upload_extensions=bmp,csv,doc,epg,gif,ico,jpg,odg,odp,ods,odt,pdf,png,ppt,swf,txt,xcf,xls,BMP,CSV,DOC,EPG,GIF,ICO,JPG,ODG,ODP,ODS,ODT,PDF,PNG,PPT,SWF,TXT,XCF,XLS\nupload_maxsize=10000000\nfile_path=images\nimage_path=images/stories\nrestrict_uploads=1\ncheck_mime=1\nimage_extensions=bmp,gif,jpg,png\nignore_extensions=\nupload_mime=image/jpeg,image/gif,image/png,image/bmp,application/x-shockwave-flash,application/msword,application/excel,application/pdf,application/powerpoint,text/plain,application/x-zip\nupload_mime_illegal=text/html\nenable_flash=0\n\n',1),(20,'Articles','option=com_content',0,0,'','','com_content',0,'',1,'show_noauth=0\nshow_title=1\nlink_titles=0\nshow_intro=1\nshow_section=0\nlink_section=0\nshow_category=0\nlink_category=0\nshow_author=1\nshow_create_date=1\nshow_modify_date=1\nshow_item_navigation=0\nshow_readmore=1\nshow_vote=0\nshow_icons=1\nshow_pdf_icon=1\nshow_print_icon=1\nshow_email_icon=1\nshow_hits=1\nfeed_summary=0\nfilter_groups=29\nfilter_tags=\nfilter_attritbutes=\n\n',1),(21,'Configuration Manager','',0,0,'','Configuration','com_config',0,'',1,'',1),(22,'Installation Manager','',0,0,'','Installer','com_installer',0,'',1,'',1),(23,'Language Manager','',0,0,'','Languages','com_languages',0,'',1,'',1),(24,'Mass mail','',0,0,'','Mass Mail','com_massmail',0,'',1,'mailSubjectPrefix=\nmailBodySuffix=\n\n',1),(25,'Menu Editor','',0,0,'','Menu Editor','com_menus',0,'',1,'',1),(27,'Messaging','',0,0,'','Messages','com_messages',0,'',1,'',1),(28,'Modules Manager','',0,0,'','Modules','com_modules',0,'',1,'',1),(29,'Plugin Manager','',0,0,'','Plugins','com_plugins',0,'',1,'',1),(30,'Template Manager','',0,0,'','Templates','com_templates',0,'',1,'',1),(31,'User Manager','',0,0,'','Users','com_users',0,'',1,'allowUserRegistration=1\nnew_usertype=Registered\nuseractivation=1\nfrontend_userparams=1\n\n',1),(32,'Cache Manager','',0,0,'','Cache','com_cache',0,'',1,'',1),(33,'Control Panel','',0,0,'','Control Panel','com_cpanel',0,'',1,'',1),(39,'AvReloaded','',0,0,'','AvReloaded','com_avreloaded',0,'components/com_avreloaded/assets/avreloaded-16x16.png',0,'',1),(40,'AVR_TITLE_MANAGE_PLAYERS','',0,39,'option=com_avreloaded&view=players','AVR_TITLE_MANAGE_PLAYERS','com_avreloaded',0,'components/com_avreloaded/assets/avreloaded-16x16.png',0,'',1),(41,'AVR_TITLE_MANAGE_RIPPERS','',0,39,'option=com_avreloaded&view=rippers','AVR_TITLE_MANAGE_RIPPERS','com_avreloaded',1,'components/com_avreloaded/assets/avreloaded-16x16.png',0,'',1),(42,'AVR_TITLE_MANAGE_TAGS','',0,39,'option=com_avreloaded&view=tags','AVR_TITLE_MANAGE_TAGS','com_avreloaded',2,'components/com_avreloaded/assets/avreloaded-16x16.png',0,'',1),(43,'AVR_TITLE_MANAGE_PLAYLISTS','',0,39,'option=com_avreloaded&view=playlists','AVR_TITLE_MANAGE_PLAYLISTS','com_avreloaded',3,'components/com_avreloaded/assets/avreloaded-16x16.png',0,'',1),(44,'JCE Administration','option=com_jce',0,0,'option=com_jce','JCE Administration','com_jce',0,'templates/khepri/images/menu/page_code.png',0,'',1),(45,'Control Panel','',0,44,'option=com_jce','Control Panel','com_jce',0,'templates/khepri/images/menu/icon-16-cpanel.png',0,'',1),(46,'Configuration','',0,44,'option=com_jce&type=config','Configuration','com_jce',1,'templates/khepri/images/menu/icon-16-config.png',0,'',1),(47,'Groups','',0,44,'option=com_jce&type=group','Groups','com_jce',2,'templates/khepri/images/menu/icon-16-user.png',0,'',1),(48,'Plugins','',0,44,'option=com_jce&type=plugin','Plugins','com_jce',3,'templates/khepri/images/menu/icon-16-plugin.png',0,'',1),(49,'Install','',0,44,'option=com_jce&type=install','Install','com_jce',4,'templates/khepri/images/menu/icon-16-install.png',0,'',1),(50,'QuickFAQ','option=com_quickfaq',0,0,'option=com_quickfaq','QuickFAQ','com_quickfaq',0,'components/com_quickfaq/assets/images/quickfaq.png',0,'show_updatecheck=1\nshow_author=1\nshow_create_date=1\nshow_modify_date=1\nshow_vote=1\nshow_hits=1\nshow_tags=1\nshow_favourites=1\nshow_categories=1\nfilter=1\ndisplay=1\ncatlimit=5\nlimit=10\nshow_icons=1\nshow_pdf_icon=1\nshow_print_icon=1\nshow_email_icon=1\nshow_state_icon=1\nupload_extensions=bmp,csv,doc,gif,ico,jpg,jpeg,odg,odp,ods,odt,pdf,png,ppt,swf,txt,xcf,xls,BMP,CSV,DOC,GIF,ICO,JPG,JPEG,ODG,ODP,ODS,ODT,PDF,PNG,PPT,SWF,TXT,XCF,XLS\nupload_maxsize=10000000\nfile_path=components/com_quickfaq/uploads\nrestrict_uploads=1\ncheck_mime=1\nimage_extensions=bmp,gif,jpg,png\nupload_mime=image/jpeg,image/gif,image/png,image/bmp,application/x-shockwave-flash,application/msword,application/excel,application/pdf,application/powerpoint,text/plain,application/x-zip\nupload_mime_illegal=text/html\n',1),(51,'sh404SEF','option=com_sh404sef',0,0,'option=com_sh404sef','sh404SEF','com_sh404sef',0,'templates/khepri/images/menu/shield.png',0,'',1),(52,'Xmap','option=com_xmap',0,0,'option=com_xmap','Xmap','com_xmap',0,'templates/khepri/images/menu/sitemap_color.png',0,'',1),(53,'JoomlaPack','option=com_joomlapack',0,0,'option=com_joomlapack','JoomlaPack','com_joomlapack',0,'templates/khepri/images/menu/drive_disk.png',0,'',1),(54,'Control Panel','',0,53,'option=com_joomlapack&act=main','Control Panel','com_joomlapack',0,'templates/khepri/images/menu/drive_disk.png',0,'',1),(55,'Options','',0,53,'option=com_joomlapack&act=config','Options','com_joomlapack',1,'templates/khepri/images/menu/drive_disk.png',0,'',1),(56,'Backup Now','',0,53,'option=com_joomlapack&act=pack','Backup Now','com_joomlapack',2,'templates/khepri/images/menu/drive_disk.png',0,'',1),(57,'Manage Backup Files','',0,53,'option=com_joomlapack&act=backupadmin','Manage Backup Files','com_joomlapack',3,'templates/khepri/images/menu/drive_disk.png',0,'',1),(58,'Backup Log','',0,53,'option=com_joomlapack&act=log','Backup Log','com_joomlapack',4,'templates/khepri/images/menu/drive_disk.png',0,'',1),(59,'CQI - QuickIcons','option=com_customquickicons',0,0,'option=com_customquickicons','CQI - QuickIcons','com_customquickicons',0,'templates/khepri/images/menu/table.png',0,'',1),(60,'NDEditorSwitch','option=com_ndeditorswitch',0,0,'option=com_ndeditorswitch','NDEditorSwitch','com_ndeditorswitch',0,'components/com_ndeditorswitch/media/images/icon-16-nd.png',0,'',1);

/*Table structure for table `jos_contact_details` */


CREATE TABLE `jos_contact_details` (
  `id` int(11) NOT NULL auto_increment,
  `name` varchar(255) NOT NULL default '',
  `alias` varchar(255) NOT NULL default '',
  `con_position` varchar(255) default NULL,
  `address` text,
  `suburb` varchar(100) default NULL,
  `state` varchar(100) default NULL,
  `country` varchar(100) default NULL,
  `postcode` varchar(100) default NULL,
  `telephone` varchar(255) default NULL,
  `fax` varchar(255) default NULL,
  `misc` mediumtext,
  `image` varchar(255) default NULL,
  `imagepos` varchar(20) default NULL,
  `email_to` varchar(255) default NULL,
  `default_con` tinyint(1) unsigned NOT NULL default '0',
  `published` tinyint(1) unsigned NOT NULL default '0',
  `checked_out` int(11) unsigned NOT NULL default '0',
  `checked_out_time` datetime NOT NULL default '0000-00-00 00:00:00',
  `ordering` int(11) NOT NULL default '0',
  `params` text NOT NULL,
  `user_id` int(11) NOT NULL default '0',
  `catid` int(11) NOT NULL default '0',
  `access` tinyint(3) unsigned NOT NULL default '0',
  `mobile` varchar(255) NOT NULL default '',
  `webpage` varchar(255) NOT NULL default '',
  PRIMARY KEY  (`id`),
  KEY `catid` (`catid`)
) ENGINE=MyISAM DEFAULT CHARSET=utf8;

/*Data for the table `jos_contact_details` */

/*Table structure for table `jos_content` */


CREATE TABLE `jos_content` (
  `id` int(11) unsigned NOT NULL auto_increment,
  `title` varchar(255) NOT NULL default '',
  `alias` varchar(255) NOT NULL default '',
  `title_alias` varchar(255) NOT NULL default '',
  `introtext` mediumtext NOT NULL,
  `fulltext` mediumtext NOT NULL,
  `state` tinyint(3) NOT NULL default '0',
  `sectionid` int(11) unsigned NOT NULL default '0',
  `mask` int(11) unsigned NOT NULL default '0',
  `catid` int(11) unsigned NOT NULL default '0',
  `created` datetime NOT NULL default '0000-00-00 00:00:00',
  `created_by` int(11) unsigned NOT NULL default '0',
  `created_by_alias` varchar(255) NOT NULL default '',
  `modified` datetime NOT NULL default '0000-00-00 00:00:00',
  `modified_by` int(11) unsigned NOT NULL default '0',
  `checked_out` int(11) unsigned NOT NULL default '0',
  `checked_out_time` datetime NOT NULL default '0000-00-00 00:00:00',
  `publish_up` datetime NOT NULL default '0000-00-00 00:00:00',
  `publish_down` datetime NOT NULL default '0000-00-00 00:00:00',
  `images` text NOT NULL,
  `urls` text NOT NULL,
  `attribs` text NOT NULL,
  `version` int(11) unsigned NOT NULL default '1',
  `parentid` int(11) unsigned NOT NULL default '0',
  `ordering` int(11) NOT NULL default '0',
  `metakey` text NOT NULL,
  `metadesc` text NOT NULL,
  `access` int(11) unsigned NOT NULL default '0',
  `hits` int(11) unsigned NOT NULL default '0',
  `metadata` text NOT NULL,
  PRIMARY KEY  (`id`),
  KEY `idx_section` (`sectionid`),
  KEY `idx_access` (`access`),
  KEY `idx_checkout` (`checked_out`),
  KEY `idx_state` (`state`),
  KEY `idx_catid` (`catid`),
  KEY `idx_createdby` (`created_by`)
) ENGINE=MyISAM AUTO_INCREMENT=17 DEFAULT CHARSET=utf8;

/*Data for the table `jos_content` */

insert  into `jos_content`(`id`,`title`,`alias`,`title_alias`,`introtext`,`fulltext`,`state`,`sectionid`,`mask`,`catid`,`created`,`created_by`,`created_by_alias`,`modified`,`modified_by`,`checked_out`,`checked_out_time`,`publish_up`,`publish_down`,`images`,`urls`,`attribs`,`version`,`parentid`,`ordering`,`metakey`,`metadesc`,`access`,`hits`,`metadata`) values (2,'Home','home','','<h3>Welcome to your new Joomla Package!</h3>\r\n<p>Before we get started we\'d like to introduce you to the frontend interface because in this package we\'ve added a couple things that should help your development out.</p>\r\n<p>We\'ve created a main menu for you with three content items, home, about, and lorem Ipsum. Use home and about for your own site. Just replace the content in each of those articles with your own (usually sites have home and about pages). The lorem Ipsum is for your site development purposes. Lorem Ipsum is actually latin text that most people can\'t read, so it is used in publishing to be place holders for the actual content. It just gives you a chance to figure out how everything will look before you actually write a single line of text.</p>\r\n<p><img alt=\"home-1\" src=\"images/stories/getting-started/home-1.png\" height=\"156\" width=\"311\" /></p>\r\n<p>You\'re on the home page now. The about page tells you what you have in this package. We have a couple different packages, its always good to know what you downloaded and installed is what you wanted.</p>\r\n<h3>First Steps<br /></h3>\r\n<p>There\'s no point in introducing this package any more. The best thing for you to do right now if you are just beginning with Joomla packages is take the time to get aquainted with the system. We put together a super short tutorial on how to do this, we called it \"Getting Started\". Just click \"First Steps\" on the left hand navigation.</p>\r\n<p><img alt=\"home-2\" src=\"images/stories/getting-started/home-2.png\" height=\"219\" width=\"254\" /></p>\r\n<hr />\r\n<h4>Thank you for trusting Joomla Packages for your Joomla Development Project!<br /></h4>\r\n<hr />','',1,0,0,0,'2008-10-29 18:28:26',62,'','2008-11-11 18:34:16',62,0,'0000-00-00 00:00:00','2008-10-29 18:28:26','0000-00-00 00:00:00','','','show_title=\nlink_titles=\nshow_intro=\nshow_section=\nlink_section=\nshow_category=\nlink_category=\nshow_vote=\nshow_author=\nshow_create_date=\nshow_modify_date=\nshow_pdf_icon=\nshow_print_icon=\nshow_email_icon=\nlanguage=\nkeyref=\nreadmore=',6,0,1,'','',0,83,'robots=\nauthor='),(3,'About','about','','<h3>Joomla Packages</h3>\r\n<p>Our packages are 100% guaranteed or your money back, but seeing how they are free to begin with there\'s not much we can do but just guarantee that they will work. <img src=\"plugins/editors/jce/tiny_mce/plugins/emotions/img/smiley-laughing.gif\" alt=\"Laughing\" title=\"Laughing\" border=\"0\" /> Joomla Packages offers other premium and professional services to its customers who just don\'t have the time to do all of this themselves. If you want more out of your package please contact us at <a href=\"http://joomlapackages.com/contact\">JoomlaPackages.com</a> and we\'ll develop your Joomla system for you.</p>\r\n<p> </p>\r\n<h1>Joomla Packages <em>Core 1.5</em></h1>\r\n<p>Our Core Package is built off of the latest version of Joomla, using its 1.5 framework (opposed to 1.0). We\'ve made some edits to the core of the system to make it cleaner and more user friendly. As this package matures you\'ll find more of these edits throughout the package as we are always trying to improve on our last version (but truthfully it is hard to improve on Joomla as it is already such a great system).</p>\r\n<h3>Administrator Header<br /></h3>\r\n<p>The first thing you might notice is the Administrative interface upgrade. We felt that the normal black header bar was much to dominant and pulled the eye away from the important menu navigation. It may sound stupid, but the eye is a tricky thing, the web industry is focused on the eye and where it goes on a page and so are we. Hence, the new white gel header. If it doesn\'t help the eye, well, then it\'s just dang pretty.</p>\r\n<p><img alt=\"about-1\" src=\"images/stories/getting-started/about-1.png\" height=\"156\" width=\"661\" /></p>\r\n<p> </p>\r\n<h3>Component Menu</h3>\r\n<p>One of the most bothersome things about the Joomla Administrator interface is that it is perfectly organized at the top level navigation, content is separated from menus and components, etc, but once you drill down into the component submenu it is a free for all. We have many clients who like to install components to try out but never remove the ones they don\'t use because after a while things just get so cluttered in the Components submenu that they forget what they installed and they don\'t want to delete the package components or worse yet Standard Joomla components. Worry no longer, finally, a new organized Components menu system, with Standard Joomla and Joomla Packages separated. Anything you install will show up normal, directly under Components, give it a whirl.</p>\r\n<p><img alt=\"about-2\" src=\"images/stories/getting-started/about-2.png\" height=\"326\" width=\"459\" /></p>\r\n<h3>Control Panel and Quick Buttons</h3>\r\n<p>While we would like to go on about the features of our packages, we know you want to get started, so we\'ll just talk about one last feature, Quick Buttons. Our custom quick buttons are a feature of the \"Custom Quick Icons\" component which you can freely edit yourself. We added four really important informational access point buttons across the top, getting started video tour, a link to Joomla Packages faqs, a link to Joomla Learning Clinics, and a link to Package Updates, all of which will open in your administrator, no new windows, no page reload, just a little Ajax. We also kept some important Standard Joomla access buttons, new articles, frontpage manager,  media manager, and user manager. Finally we added, four buttons to essential tasks such as backing up the system, module management, SEF management, and RSS newsfeed managment.</p>\r\n<p><img alt=\"about-3\" src=\"images/stories/getting-started/about-3.png\" height=\"321\" width=\"470\" /></p>\r\n<h2><br /></h2>\r\n<h2>Core 1.5 Extension Offerings</h2>\r\n<p>So what exactly is under the hood?</p>\r\n<h3>Components</h3>\r\n<table style=\"height: 470px;\" width=\"700\">\r\n<tbody>\r\n<tr>\r\n<td class=\"sectiontableheader\">Item</td>\r\n<td class=\"sectiontableheader\">Type <sup>1</sup></td>\r\n<td class=\"sectiontableheader\">About</td>\r\n<td class=\"sectiontableheader\">extra<sup> 2</sup></td>\r\n</tr>\r\n<tr class=\"sectiontableentry1\">\r\n<td width=\"20%\">AvReloaded</td>\r\n<td width=\"10%\">C</td>\r\n<td width=\"60%\">Access and Configure the All Video\'s Plugin</td>\r\n<td width=\"10%\">P, M</td>\r\n</tr>\r\n<tr class=\"sectiontableentry1\">\r\n<td>Banners</td>\r\n<td>S</td>\r\n<td>Access and Configure Standard Joomla Banners</td>\r\n<td>M</td>\r\n</tr>\r\n<tr class=\"sectiontableentry1\">\r\n<td>Custom QuickIcons</td>\r\n<td>C</td>\r\n<td>Access and Configure Control Panel buttons</td>\r\n<td>M</td>\r\n</tr>\r\n<tr class=\"sectiontableentry1\">\r\n<td>JCE</td>\r\n<td>C</td>\r\n<td>Access and Configure the JCE editor settings</td>\r\n<td>P</td>\r\n</tr>\r\n<tr class=\"sectiontableentry1\">\r\n<td>JoomlaPack</td>\r\n<td>C</td>\r\n<td>Backup your system completely</td>\r\n<td></td>\r\n</tr>\r\n<tr class=\"sectiontableentry1\">\r\n<td>Newsfeeds</td>\r\n<td>S</td>\r\n<td>Add RSS to your system</td>\r\n<td>M</td>\r\n</tr>\r\n<tr class=\"sectiontableentry1\">\r\n<td>Polls</td>\r\n<td>S</td>\r\n<td>Access and Configure Standard Joomla Polls</td>\r\n<td>M</td>\r\n</tr>\r\n<tr class=\"sectiontableentry1\">\r\n<td>QuickFAQ</td>\r\n<td>C</td>\r\n<td>A full featured FAQ\'s</td>\r\n<td></td>\r\n</tr>\r\n<tr class=\"sectiontableentry1\">\r\n<td>sh404sef</td>\r\n<td>C</td>\r\n<td>Search Engine Friendly URL\'s are essential for SEO</td>\r\n<td>M</td>\r\n</tr>\r\n<tr class=\"sectiontableentry1\">\r\n<td>Weblinks</td>\r\n<td>S</td>\r\n<td>Access and Configure Standard Joomla links</td>\r\n<td></td>\r\n</tr>\r\n<tr class=\"sectiontableentry1\">\r\n<td>Xmap</td>\r\n<td>C</td>\r\n<td>Create both an html and xml site map for readers and google</td>\r\n<td></td>\r\n</tr>\r\n</tbody>\r\n</table>\r\n<ul>\r\n<li><sup>1 </sup>Type refers to either part of the Joomla Packages Core system (C) or the Standard Joomla system (S).</li>\r\n<li><sup>2</sup> Extra refers to associated extensions, Plugins (P) or Modules (M)</li>\r\n</ul>\r\n<h3>Modules</h3>\r\n<table style=\"height: 470px;\" width=\"700\">\r\n<tbody>\r\n<tr>\r\n<td class=\"sectiontableheader\">Item</td>\r\n<td class=\"sectiontableheader\">Type <sup>1</sup></td>\r\n<td class=\"sectiontableheader\">About</td>\r\n</tr>\r\n<tr class=\"sectiontableentry1\">\r\n<td width=\"20%\">AllVideos Reloaded<br /></td>\r\n<td width=\"10%\">C</td>\r\n<td width=\"60%\">All Video\'s Plugin Module<br /></td>\r\n</tr>\r\n<tr class=\"sectiontableentry1\">\r\n<td>Newsflash</td>\r\n<td>S</td>\r\n<td>Display Newsflash articles (small quick blurbs)<br /></td>\r\n</tr>\r\n<tr class=\"sectiontableentry1\">\r\n<td>Custom QuickIcons</td>\r\n<td>C</td>\r\n<td><span class=\"bold\">Custom Icons within the Administator<br /></span></td>\r\n</tr>\r\n<tr class=\"sectiontableentry1\">\r\n<td>Editor Switcher</td>\r\n<td>C</td>\r\n<td>Switch editors freely in the Administrator, a productivity tool</td>\r\n</tr>\r\n<tr class=\"sectiontableentry1\">\r\n<td>Archived Content</td>\r\n<td>S</td>\r\n<td>Display a List of archived content<br /></td>\r\n</tr>\r\n<tr class=\"sectiontableentry1\">\r\n<td>Poll</td>\r\n<td>S</td>\r\n<td>Display Polls<br /></td>\r\n</tr>\r\n<tr class=\"sectiontableentry1\">\r\n<td>Banner</td>\r\n<td>S</td>\r\n<td>Display Banners<br /></td>\r\n</tr>\r\n<tr class=\"sectiontableentry1\">\r\n<td>Random Image</td>\r\n<td>S</td>\r\n<td>Displays a Random Image from the selected image directory<br /></td>\r\n</tr>\r\n<tr class=\"sectiontableentry1\">\r\n<td>Breadcrumbs</td>\r\n<td>S</td>\r\n<td>Displays where the user is at in your site, where they came from, (home / page 2 / page 3)<br /></td>\r\n</tr>\r\n<tr class=\"sectiontableentry1\">\r\n<td>Custom HTML</td>\r\n<td>S</td>\r\n<td>Add HTML to any part of your site<br /></td>\r\n</tr>\r\n<tr class=\"sectiontableentry1\">\r\n<td>Search</td>\r\n<td>S</td>\r\n<td>Add a Search from to an area of your site.<br /></td>\r\n</tr>\r\n<tr class=\"sectiontableentry1\">\r\n<td>Sections</td>\r\n<td>S</td>\r\n<td>Show all your Content Sections in a list<br /></td>\r\n</tr>\r\n<tr class=\"sectiontableentry1\">\r\n<td>Footer</td>\r\n<td>S</td>\r\n<td>Display the footer<br /></td>\r\n</tr>\r\n<tr class=\"sectiontableentry1\">\r\n<td>Statistics</td>\r\n<td>S</td>\r\n<td>Display Article statistics<br /></td>\r\n</tr>\r\n<tr class=\"sectiontableentry1\">\r\n<td>Latest News</td>\r\n<td>S</td>\r\n<td>Latest Articles from as specific section / category<br /></td>\r\n</tr>\r\n<tr class=\"sectiontableentry1\">\r\n<td>Syndicate</td>\r\n<td>S</td>\r\n<td>Spread your content to the rest of the world with RSS<br /></td>\r\n</tr>\r\n<tr class=\"sectiontableentry1\">\r\n<td>Login</td>\r\n<td>S</td>\r\n<td>A login module for standard user login</td>\r\n</tr>\r\n<tr class=\"sectiontableentry1\">\r\n<td>Who\'s Online</td>\r\n<td>S</td>\r\n<td>Who\'s online members and guests<br /></td>\r\n</tr>\r\n<tr class=\"sectiontableentry1\">\r\n<td>Menu</td>\r\n<td>S</td>\r\n<td>Creates a Menu, use with Standard Joomla Menu system<br /></td>\r\n</tr>\r\n<tr class=\"sectiontableentry1\">\r\n<td>Wrapper</td>\r\n<td>S</td>\r\n<td>Add a wrapper, which is an iframe to a module position, great for gadgets<br /></td>\r\n</tr>\r\n<tr class=\"sectiontableentry1\">\r\n<td>Most Read Content</td>\r\n<td>S</td>\r\n<td>Shows the most read articles in a list<br /></td>\r\n</tr>\r\n</tbody>\r\n</table>\r\n<ul>\r\n<li><sup>1 </sup>Type refers to either part of the Joomla Packages Core system (C) or the Standard Joomla system (S)</li>\r\n</ul>\r\n<h3>Plugins</h3>\r\n<table style=\"height: 470px;\" width=\"700\">\r\n<tbody>\r\n<tr>\r\n<td class=\"sectiontableheader\">Item</td>\r\n<td class=\"sectiontableheader\">Type <sup>1</sup></td>\r\n<td class=\"sectiontableheader\">About</td>\r\n</tr>\r\n<tr class=\"sectiontableentry1\">\r\n<td width=\"20%\">GMail, OpenID, Joomla, &amp; LDAP Authentication <br /><br /></td>\r\n<td width=\"10%\">S</td>\r\n<td width=\"60%\">Access various API\'s to authenticate users<br /></td>\r\n</tr>\r\n<tr class=\"sectiontableentry1\">\r\n<td><span class=\"bold\">TinyMCE 2.1, </span><span class=\"bold\">XStandard Lite, &amp;</span><span class=\"bold\"> none</span><br /><br /></td>\r\n<td>S</td>\r\n<td>Standard Joomla WYSIWYG editors<br /></td>\r\n</tr>\r\n<tr class=\"sectiontableentry1\">\r\n<td>AllVideos Reloaded<br /><br /></td>\r\n<td>C</td>\r\n<td>Add any video from anywhere right in your content<br /></td>\r\n</tr>\r\n<tr class=\"sectiontableentry1\">\r\n<td>Code Highlighter (GeSHi)<br /><br /></td>\r\n<td>S</td>\r\n<td>Show your code examples with real style<br /></td>\r\n</tr>\r\n<tr class=\"sectiontableentry1\">\r\n<td>Email Cloaking<br /><br /></td>\r\n<td>S</td>\r\n<td>Mask your email addresses with javascript so that spam bots can see, but your readers can.<br /></td>\r\n</tr>\r\n<tr class=\"sectiontableentry1\">\r\n<td>Load Modules<br /><br /></td>\r\n<td>S</td>\r\n<td>load a module position from within an Article<br /></td>\r\n</tr>\r\n<tr class=\"sectiontableentry1\">\r\n<td>Google Maps<br /><br /></td>\r\n<td>C</td>\r\n<td>Access Google maps from within your content, many customization options<br /></td>\r\n</tr>\r\n<tr class=\"sectiontableentry1\">\r\n<td>Editor - JCE 1.5.1<br /><br /></td>\r\n<td>C</td>\r\n<td>A Fully Features and Popular Content Editor<br /></td>\r\n</tr>\r\n<tr class=\"sectiontableentry1\">\r\n<td>Editor - JoomlaFCK<br /><br /></td>\r\n<td>C</td>\r\n<td>Another Popular Content Editor<br /></td>\r\n</tr>\r\n<tr class=\"sectiontableentry1\">\r\n<td>Buttons</td>\r\n<td>SC</td>\r\n<td>AllVideos Reloaded, Image, Pagebreak, Readmore buttons in the editor view for easy access plugin commands<br /></td>\r\n</tr>\r\n<tr class=\"sectiontableentry1\">\r\n<td>Search Plugins<br /></td>\r\n<td>S</td>\r\n<td>Categories, Newsfeeds, Sections, <span class=\"bold\">Contacts, </span><span class=\"bold\">Content, </span><span class=\"bold\">Weblinks</span><br /></td>\r\n</tr>\r\n<tr class=\"sectiontableentry1\">\r\n<td>sh404SEF</td>\r\n<td>C</td>\r\n<td>Internal SEF tool</td>\r\n</tr>\r\n<tr class=\"sectiontableentry1\">\r\n<td>XML-RPC</td>\r\n<td>S</td>\r\n<td>Joomla API and Blogger</td>\r\n</tr>\r\n</tbody>\r\n</table>\r\n<br /> \r\n<ul>\r\n<li><sup>1 </sup>Type refers to either part of the Joomla Packages Core system (C) or the Standard Joomla system (S).</li>\r\n</ul>\r\n<hr />','',1,0,0,0,'2008-10-29 18:28:26',62,'','2008-11-13 03:00:55',62,0,'0000-00-00 00:00:00','2008-10-29 18:28:26','0000-00-00 00:00:00','','','show_title=\nlink_titles=\nshow_intro=\nshow_section=\nlink_section=\nshow_category=\nlink_category=\nshow_vote=\nshow_author=\nshow_create_date=\nshow_modify_date=\nshow_pdf_icon=\nshow_print_icon=\nshow_email_icon=\nlanguage=\nkeyref=\nreadmore=',48,0,2,'','',0,89,'robots=\nauthor='),(4,'Lorem Ipsum Stock Content','lorem-ipsum','','<p>The content below is for mocking up your own pages without having the need to create final content. This is a standard development practice. Just copy this page, re-title it, and create your own parameters for the page. Swap out the correct content later once you have a chance to get to it.</p>\r\n<hr />\r\n<p>Lorem ipsum his an autem aperiri persius, qui at posse choro voluptua. Mea fugit docendi percipitur ut, mei eu porro altera. Posse contentiones delicatissimi vis ea, duo ex assum tritani forensibus. Vis an tantas graeco qualisque.<br /><br />An sed nisl iriure fabulas, ad utinam quodsi docendi eam. Has vituperatoribus justo ex, ea eam scribentur eloquentiam complectitur. At utinam aperiam nam, ad dolore vocibus abhorreant sed. Eos ea nonumy mucius debitis, sit ex idque fabulas detracto. Eu facete suscipiantur definitionem pri, pri te imperdiet scriptorem, usu cu iriure pericula adversarium. Nemore regione facilis ne duo, vis aperiri ceteros tractatos cu. Soluta persius aliquyam eu nec, eu nihil vocibus delicatissimi pro.<br /><br />Usu at affert ubique, eam ea sapientem assueverit. Ius posse choro pericula ei, at nulla veritus detraxit qui, pri id mutat modus. Adhuc dicit mediocritatem cum ei, iisque definitiones nam ne. Mea et prodesset vituperata dissentiet, senserit facilisis vix at, eum scripta persius eu. Invidunt ullamcorper suscipiantur ex sit, te mazim omnes placerat eam, ad affert democritum scripserit sea.<br /><br />Cu ullum zzril mediocritatem mei, vim ut tation primis, usu laoreet dolorem te. Ea sed iriure ancillae volutpat, erat fuisset adipiscing cum ei. Magna ridens ei pri, an quodsi atomorum gubergren est. Laudem corrumpit dissentias has in, an laudem maiestatis vis. Vel fastidii tractatos conclusionemque ex, eam aliquip perfecto insolens cu.<br /><br />Ex porro virtute appareat eum, tritani expetendis appellantur eu sed. Graeci contentiones concludaturque qui at, iudico everti laboramus ea cum, te est omnes verear takimata. Eam te vivendum salutandi persequeris, cu his dico lorem. Nec in appareat qualisque, mei ei pericula scripserit. Eu melius latine has, tale cetero atomorum ut pro. Vero omnium malorum ex vel, percipit tractatos voluptaria ut sea. Utamur deseruisse voluptatum qui eu, nec eu idque feugiat convenire, mei id porro falli.<br /><br />Suas iracundia aliquando eu vim, nemore persius graecis ea quo. Qui id dolor cetero moderatius. Est unum rebum mucius ea, ne stet scaevola invenire sea. Elitr labores petentium ius an, cum ut dicunt disputationi delicatissimi, no dicunt utamur pericula mel. Quando nominati electram ut his, ad graeci corpora recteque sed. Suas probo mandamus in vis, qui stet soleat malorum cu. Ne eruditi intellegam per, et his audire deseruisse definiebas.<br /><br />Nulla impetus tincidunt at eos, possit vivendo fabellas cu sed. Est et putant ullamcorper necessitatibus, iusto noluisse et vel. Cu vel nihil vidisse cotidieque, sit oportere senserit conceptam in, nam nonumy posidonium voluptatibus ne. In essent vocibus duo, ne nam mentitum praesent prodesset, error movet liberavisse ea duo. An vidit qualisque voluptatum vix, id aeque option fierent vel. Posse aperiri luptatum pro cu, suas aeterno copiosae nam et, ne enim primis cum.<br /><br />Nec in dolorum corpora periculis, an mutat fugit quando usu, ridens omnesque interesset per at. Ad euismod accusam mea, in his dicam ancillae temporibus. Legimus efficiendi pri ea. Usu vidit elitr alterum ei. Dicat epicurei menandri eu his.<br /><br />Mundi simul ridens nam ut, et mei utinam noster vocent. Quis utamur consulatu ad vix, te cum prima vitae ullamcorper, no sit utamur repudiandae. Nam elit choro homero ut, pri ne laoreet suscipit. Has mutat intellegam neglegentur eu, aeterno alienum officiis an nam, cu nominavi officiis constituam cum. Audire phaedrum laboramus sea ea, no eos tota adipisci persecuti, quodsi offendit antiopam mea cu. Qui errem consetetur efficiantur et, elit volumus denique usu ei, tale wisi accommodare eu vix.<br /><br />Omnium regione pri ut, pro nobis omnes deserunt ne, at has quas persius concludaturque. Mucius habemus suscipit ad vim, ea sit audiam definitiones. Ne est clita virtute posidonium, in natum augue sadipscing eam, in eum utinam iriure. Posse nominati salutatus ne vis, ex eos quod solum accusam, ei per platonem prodesset. Duo ne diam aeque periculis.</p>','',1,0,0,0,'2008-10-29 18:28:26',62,'','2008-11-10 23:37:35',62,0,'0000-00-00 00:00:00','2008-10-29 18:28:26','0000-00-00 00:00:00','','','show_title=\nlink_titles=\nshow_intro=\nshow_section=\nlink_section=\nshow_category=\nlink_category=\nshow_vote=\nshow_author=\nshow_create_date=\nshow_modify_date=\nshow_pdf_icon=\nshow_print_icon=\nshow_email_icon=\nlanguage=\nkeyref=\nreadmore=',4,0,3,'','',0,11,'robots=\nauthor='),(8,'First Steps: Secure Your Administrator','first-steps','','The first thing you need to do before we do anything is to secure your system. In order to secure your system we need to change the Administrator\'s username and password to a username and password that you prefer. Try to create a username and password that someone couldn\'t guess, but of course, it needs to be something you can remember (even if your browser\'s password auto-completion stops working!). Open up a new browser window or tab so you can view this 4 step tutorial and Administrator at the same time. Point your new tab or window to:\r\n<p><strong>http://yourdomain.tld/administrator</strong></p>\r\n<p>so if your domain name is \"superduperdomain.com\" then go to:</p>\r\n<p><strong>http://superduperdomain.com/administrator</strong></p>\r\n<p>Login to the Administrator with the default username and password:</p>\r\n<ul>\r\n<li>username: <em>admin</em></li>\r\n<li>password: <em>wysiwyg</em><br /></li>\r\n</ul>\r\n<p>Now go through the steps...</p>\r\n<hr />\r\n<h3>Step 1</h3>\r\n<p>Go to site-&gt;User Manager</p>\r\n<p><img alt=\"admin-user1\" src=\"images/stories/getting-started/admin-user1.png\" height=\"276\" width=\"338\" /></p>\r\n<h3>Step 2:</h3>\r\n<p>Select the Administrator user</p>\r\n<p><img alt=\"admin-user2\" src=\"images/stories/getting-started/admin-user2.png\" height=\"327\" width=\"536\" /></p>\r\n<h3>Step 3:</h3>\r\n<p>In User Details, change your username, email, and password</p>\r\n<p><img alt=\"admin-user3\" src=\"images/stories/getting-started/admin-user3.png\" height=\"392\" width=\"404\" /></p>\r\n<h3>Step 4:</h3>\r\n<p>Save!</p>\r\n<p><img alt=\"admin-save\" src=\"images/stories/getting-started/admin-save.png\" height=\"187\" width=\"264\" /></p>\r\n<hr />\r\n<h4>You\'re all secure now! Try our Administator tour next.</h4>\r\n<hr />','',1,1,0,1,'2008-11-10 23:12:45',62,'','2008-11-11 05:21:53',62,0,'0000-00-00 00:00:00','2008-11-10 23:12:45','0000-00-00 00:00:00','','','show_title=\nlink_titles=\nshow_intro=\nshow_section=\nlink_section=\nshow_category=\nlink_category=\nshow_vote=\nshow_author=\nshow_create_date=\nshow_modify_date=\nshow_pdf_icon=\nshow_print_icon=\nshow_email_icon=\nlanguage=\nkeyref=\nreadmore=',7,0,5,'','',0,15,'robots=\nauthor='),(9,'Administrator Tour','administrator-tour','','<p>We\'ve gone ahead and created a video tour for your new package. The video tour will go over a couple important aspects of the Joomla Administrator. View the tutorial at any time by logging into the Administrator and clicking on the getting started button in the \"Control Panel\"</p>\r\n<p><img alt=\"start\" src=\"images/stories/getting-started/start.png\" height=\"385\" width=\"516\" /></p>\r\n<p> </p>\r\n<hr />','',1,1,0,1,'2008-11-10 23:15:27',62,'','2008-11-11 06:16:08',62,0,'0000-00-00 00:00:00','2008-11-10 23:15:27','0000-00-00 00:00:00','','','show_title=\nlink_titles=\nshow_intro=\nshow_section=\nlink_section=\nshow_category=\nlink_category=\nshow_vote=\nshow_author=\nshow_create_date=\nshow_modify_date=\nshow_pdf_icon=\nshow_print_icon=\nshow_email_icon=\nlanguage=\nkeyref=\nreadmore=',5,0,6,'','',0,8,'robots=\nauthor='),(10,'Package Updates','package-updates','','<p>Our packages are built using the best components out there. We take pride in developing advanced systems for all our members. But, we don\'t stop with just developing packages we maintain them. Whenever a new bug surfaces or better yet a new feature is added to our package we create updates to make sure that our packages are as secure as possible.</p>\r\n<p>Its easy to access our updates, either go straight to <a href=\"http://joomlapackages.com/updates\">Joomlapackages.com/updates</a> and login to get the latest update for your package or, easier yet, login to your package\'s Administrator and click on the \"updates\" button in the \"Control Panel\".</p>\r\n<p><img alt=\"updates\" src=\"images/stories/getting-started/updates.png\" height=\"385\" width=\"516\" /></p>\r\n<p>&nbsp;</p>\r\n<hr />','',1,1,0,1,'2008-11-10 23:17:08',62,'','2008-11-11 06:34:38',62,0,'0000-00-00 00:00:00','2008-11-10 23:17:08','0000-00-00 00:00:00','','','show_title=\nlink_titles=\nshow_intro=\nshow_section=\nlink_section=\nshow_category=\nlink_category=\nshow_vote=\nshow_author=\nshow_create_date=\nshow_modify_date=\nshow_pdf_icon=\nshow_print_icon=\nshow_email_icon=\nlanguage=\nkeyref=\nreadmore=',5,0,7,'','',0,8,'robots=\nauthor='),(11,'Further Help','further-help','','<p>If you ever have any questions about your package the first place you might want to check out is our FAQ\'s found at JoomlaPackages.com, or you can login to your package\'s Administrator and click \"Questions?\" to view them directly from your package.</p>\r\n<p><img alt=\"faqs\" src=\"images/stories/getting-started/faqs.png\" height=\"385\" width=\"516\" /></p>\r\n<p> </p>\r\n<h3>Joomla Learning Clinics<br /></h3>\r\n<p>We try to make sure we answer all your questions, but Joomla is such a big and powerful system that sometimes you need more in depth understanding of how Joomla works. Our sister site <a target=\"_blank\" href=\"http://joomlaclinics.com/package-redirect/core-1.5.0/\">JoomlaClinics.com</a> offers online learning like you\'ve never experienced a Joomla education before. Joomla Clinics offers hour long clinics on topics for beginner, intermediate, advanced, and expert joomla users and developers. The clinics range in many different focused Joomla topics, from basic Joomla understanding to advanced programming topics. All clinics are taught online at different times with a live instructor whom you can ask questions and get answers in real time, in a virtual classroom. Learning Joomla shouldn\'t be hard, and Joomla Clinics makes sure that it isn\'t.</p>\r\n<p>You can access a class list from your package\'s Administrator by logging in and clicking \"learning clinics\" in the \"control panel\"...</p>\r\n<p><img alt=\"clinics\" src=\"images/stories/getting-started/clinics.png\" height=\"385\" width=\"516\" /></p>\r\n<p> </p>\r\n<p>...or of course you can go directly to <a target=\"_blank\" href=\"http://joomlaclinics.com/package-redirect/core-1.5.0/\">JoomlaClinics.com</a> and get all the information that you need to get a better grasp of the fantastic Joomla Content Management System.</p>\r\n<hr />\r\n<h4>Go to <a target=\"_blank\" href=\"http://joomlaclinics.com/package-redirect/core-1.5.0/\">JoomlaClinics.com</a> and register for a class today!</h4>\r\n<hr />','',1,1,0,1,'2008-11-10 23:19:25',62,'','2008-11-11 18:47:40',62,0,'0000-00-00 00:00:00','2008-11-10 23:19:25','0000-00-00 00:00:00','','','show_title=\nlink_titles=\nshow_intro=\nshow_section=\nlink_section=\nshow_category=\nlink_category=\nshow_vote=\nshow_author=\nshow_create_date=\nshow_modify_date=\nshow_pdf_icon=\nshow_print_icon=\nshow_email_icon=\nlanguage=\nkeyref=\nreadmore=',5,0,8,'','',0,8,'robots=\nauthor='),(12,'Deleting Getting Started Content','deleting-getting-started-content','','<p>Sorry for making your new package dirty with our instructional content. Feel free to delete all of it. You might want to print out this page before you do so, because you\'ll delete this page also in the process. Heres how to do it.</p>\r\n<p>Log in to the Joomla Administrator</p>\r\n<h3>Delete Content (Articles)</h3>\r\n<p>Go into Content-&gt;Article Manager</p>\r\n<p><img alt=\"delete-1\" src=\"images/stories/getting-started/delete-1.png\" height=\"314\" width=\"412\" /></p>\r\n<p>Check each of the checkboxes in the Article Manager where the category is \"Getting Started\".</p>\r\n<p><img alt=\"delete-2\" src=\"images/stories/getting-started/delete-2.png\" height=\"359\" width=\"724\" /></p>\r\n<p>Trash the articles by clicking the \"trash\" button in the top toolbar.</p>\r\n<p><img alt=\"delete-3\" src=\"images/stories/getting-started/delete-3.png\" height=\"277\" width=\"268\" /></p>\r\n<p> </p>\r\n<p>You should keep the \"home\", \"about\", and \"lorem ipsum\" pages for your own use. Replace the home content with your own content or use the frontpage component instead. Replace also the About content with your own about content. These are two standard items you tend to find on any site. The lorem ipsum page is stock content that you can copy to all your pages, when you are mocking up your site. This is the industry standard content for mock-ups.</p>\r\n<h3>Deleting Section and Categories</h3>\r\n<p>Now we need to delete the section and categories that we used for the Instructional content. First we need to delete the category and then we need to delete the section.</p>\r\n<p>Go to Content-&gt;Category Manager</p>\r\n<p><img alt=\"delete-4\" src=\"images/stories/getting-started/delete-4.png\" height=\"305\" width=\"463\" /></p>\r\n<p>Check \"Getting Started\" and click the \"Delete\" button in the top toolbar.</p>\r\n<p><img alt=\"delete-5\" src=\"images/stories/getting-started/delete-5.png\" height=\"258\" width=\"327\" /></p>\r\n<p>Follow the same steps above but for section. So, go to Content-&gt;Section Manager...</p>\r\n<p>Check \"Joomla Packages\" this time and \"delete\" from the toolbar.</p>\r\n<p><img alt=\"delete-6\" src=\"images/stories/getting-started/delete-6.png\" height=\"246\" width=\"320\" /></p>\r\n<h3>Delete the Menu and Menu Items<br /></h3>\r\n<p>The last thing you need to delete is the menu associated with the Getting Started Content, cleverly named \"Getting Started\".</p>\r\n<p>Go to Menus-&gt;Menu Manager</p>\r\n<p><img alt=\"delete-7\" src=\"images/stories/getting-started/delete-7.png\" height=\"282\" width=\"337\" /></p>\r\n<p>Check the \"Getting Started\" menu and click \"Delete\" in the toolbar.</p>\r\n<p><img alt=\"delete-8\" src=\"images/stories/getting-started/delete-8.png\" height=\"237\" width=\"379\" /></p>\r\n<p>You\'ll be asked one last time if you really want to do this, choose \"Delete\" again from the toolbar.</p>\r\n<h3>Final thing To Do</h3>\r\n<p>Both the menu and content have a recycle bin type trash, where it maintains all the items that you previously deleted. If ever you delete something you didn\'t want deleted you can recover it using the \"article trash\" or \"menu trash\" options in their appropriate menus. If you want to permanently delete everything that we have deleted thus far, then enter into both of these \"trash\" bins and permanently delete them.</p>\r\n<p><img alt=\"delete-9\" src=\"images/stories/getting-started/delete-9.png\" height=\"248\" width=\"294\" /></p>\r\n<p> </p>\r\n<p>That\'s everything!</p>\r\n<hr />\r\n<h4>Thank You for trusting Joomla Packages with your Joomla web site.</h4>\r\n<hr />','',1,1,0,1,'2008-11-10 23:22:12',62,'','2008-11-11 08:02:26',62,0,'0000-00-00 00:00:00','2008-11-10 23:22:12','0000-00-00 00:00:00','','','show_title=\nlink_titles=\nshow_intro=\nshow_section=\nlink_section=\nshow_category=\nlink_category=\nshow_vote=\nshow_author=\nshow_create_date=\nshow_modify_date=\nshow_pdf_icon=\nshow_print_icon=\nshow_email_icon=\nlanguage=\nkeyref=\nreadmore=',5,0,9,'','',0,6,'robots=\nauthor=');

/*Table structure for table `jos_content_frontpage` */


CREATE TABLE `jos_content_frontpage` (
  `content_id` int(11) NOT NULL default '0',
  `ordering` int(11) NOT NULL default '0',
  PRIMARY KEY  (`content_id`)
) ENGINE=MyISAM DEFAULT CHARSET=utf8;

/*Data for the table `jos_content_frontpage` */

/*Table structure for table `jos_content_rating` */


CREATE TABLE `jos_content_rating` (
  `content_id` int(11) NOT NULL default '0',
  `rating_sum` int(11) unsigned NOT NULL default '0',
  `rating_count` int(11) unsigned NOT NULL default '0',
  `lastip` varchar(50) NOT NULL default '',
  PRIMARY KEY  (`content_id`)
) ENGINE=MyISAM DEFAULT CHARSET=utf8;

/*Data for the table `jos_content_rating` */

/*Table structure for table `jos_core_acl_aro` */


CREATE TABLE `jos_core_acl_aro` (
  `id` int(11) NOT NULL auto_increment,
  `section_value` varchar(240) NOT NULL default '0',
  `value` varchar(240) NOT NULL default '',
  `order_value` int(11) NOT NULL default '0',
  `name` varchar(255) NOT NULL default '',
  `hidden` int(11) NOT NULL default '0',
  PRIMARY KEY  (`id`),
  UNIQUE KEY `jos_section_value_value_aro` (`section_value`(100),`value`(100)),
  KEY `jos_gacl_hidden_aro` (`hidden`)
) ENGINE=MyISAM AUTO_INCREMENT=12 DEFAULT CHARSET=utf8;

/*Data for the table `jos_core_acl_aro` */

insert  into `jos_core_acl_aro`(`id`,`section_value`,`value`,`order_value`,`name`,`hidden`) values (10,'users','62',0,'Administrator',0);

/*Table structure for table `jos_core_acl_aro_groups` */


CREATE TABLE `jos_core_acl_aro_groups` (
  `id` int(11) NOT NULL auto_increment,
  `parent_id` int(11) NOT NULL default '0',
  `name` varchar(255) NOT NULL default '',
  `lft` int(11) NOT NULL default '0',
  `rgt` int(11) NOT NULL default '0',
  `value` varchar(255) NOT NULL default '',
  PRIMARY KEY  (`id`),
  KEY `jos_gacl_parent_id_aro_groups` (`parent_id`),
  KEY `jos_gacl_lft_rgt_aro_groups` (`lft`,`rgt`)
) ENGINE=MyISAM AUTO_INCREMENT=31 DEFAULT CHARSET=utf8;

/*Data for the table `jos_core_acl_aro_groups` */

insert  into `jos_core_acl_aro_groups`(`id`,`parent_id`,`name`,`lft`,`rgt`,`value`) values (17,0,'ROOT',1,22,'ROOT'),(28,17,'USERS',2,21,'USERS'),(29,28,'Public Frontend',3,12,'Public Frontend'),(18,29,'Registered',4,11,'Registered'),(19,18,'Author',5,10,'Author'),(20,19,'Editor',6,9,'Editor'),(21,20,'Publisher',7,8,'Publisher'),(30,28,'Public Backend',13,20,'Public Backend'),(23,30,'Manager',14,19,'Manager'),(24,23,'Administrator',15,18,'Administrator'),(25,24,'Super Administrator',16,17,'Super Administrator');

/*Table structure for table `jos_core_acl_aro_map` */


CREATE TABLE `jos_core_acl_aro_map` (
  `acl_id` int(11) NOT NULL default '0',
  `section_value` varchar(230) NOT NULL default '0',
  `value` varchar(100) NOT NULL,
  PRIMARY KEY  (`acl_id`,`section_value`,`value`)
) ENGINE=MyISAM DEFAULT CHARSET=utf8;

/*Data for the table `jos_core_acl_aro_map` */

/*Table structure for table `jos_core_acl_aro_sections` */


CREATE TABLE `jos_core_acl_aro_sections` (
  `id` int(11) NOT NULL auto_increment,
  `value` varchar(230) NOT NULL default '',
  `order_value` int(11) NOT NULL default '0',
  `name` varchar(230) NOT NULL default '',
  `hidden` int(11) NOT NULL default '0',
  PRIMARY KEY  (`id`),
  UNIQUE KEY `jos_gacl_value_aro_sections` (`value`),
  KEY `jos_gacl_hidden_aro_sections` (`hidden`)
) ENGINE=MyISAM AUTO_INCREMENT=11 DEFAULT CHARSET=utf8;

/*Data for the table `jos_core_acl_aro_sections` */

insert  into `jos_core_acl_aro_sections`(`id`,`value`,`order_value`,`name`,`hidden`) values (10,'users',1,'Users',0);

/*Table structure for table `jos_core_acl_groups_aro_map` */


CREATE TABLE `jos_core_acl_groups_aro_map` (
  `group_id` int(11) NOT NULL default '0',
  `section_value` varchar(240) NOT NULL default '',
  `aro_id` int(11) NOT NULL default '0',
  UNIQUE KEY `group_id_aro_id_groups_aro_map` (`group_id`,`section_value`,`aro_id`)
) ENGINE=MyISAM DEFAULT CHARSET=utf8;

/*Data for the table `jos_core_acl_groups_aro_map` */

insert  into `jos_core_acl_groups_aro_map`(`group_id`,`section_value`,`aro_id`) values (25,'',10);

/*Table structure for table `jos_core_log_items` */


CREATE TABLE `jos_core_log_items` (
  `time_stamp` date NOT NULL default '0000-00-00',
  `item_table` varchar(50) NOT NULL default '',
  `item_id` int(11) unsigned NOT NULL default '0',
  `hits` int(11) unsigned NOT NULL default '0'
) ENGINE=MyISAM DEFAULT CHARSET=utf8;

/*Data for the table `jos_core_log_items` */

/*Table structure for table `jos_core_log_searches` */


CREATE TABLE `jos_core_log_searches` (
  `search_term` varchar(128) NOT NULL default '',
  `hits` int(11) unsigned NOT NULL default '0'
) ENGINE=MyISAM DEFAULT CHARSET=utf8;

/*Data for the table `jos_core_log_searches` */

/*Table structure for table `jos_custom_quickicons` */


CREATE TABLE `jos_custom_quickicons` (
  `id` int(11) NOT NULL auto_increment,
  `text` varchar(64) NOT NULL,
  `target` varchar(255) NOT NULL,
  `icon` varchar(255) NOT NULL,
  `ordering` int(10) unsigned NOT NULL default '0',
  `new_window` tinyint(1) NOT NULL default '0',
  `modal` tinyint(1) NOT NULL default '0',
  `prefix` varchar(100) NOT NULL,
  `postfix` varchar(100) NOT NULL,
  `published` tinyint(1) unsigned NOT NULL default '0',
  `title` varchar(64) NOT NULL,
  `cm_check` tinyint(1) NOT NULL default '0',
  `cm_path` varchar(255) NOT NULL,
  `akey` varchar(1) NOT NULL,
  `display` tinyint(1) NOT NULL default '0',
  `access` int(11) unsigned NOT NULL default '0',
  `gid` int(3) default '25',
  `checked_out` int(11) NOT NULL default '0',
  `checked_out_time` datetime NOT NULL default '0000-00-00 00:00:00',
  PRIMARY KEY  (`id`)
) ENGINE=MyISAM AUTO_INCREMENT=21 DEFAULT CHARSET=latin1;

/*Data for the table `jos_custom_quickicons` */

insert  into `jos_custom_quickicons`(`id`,`text`,`target`,`icon`,`ordering`,`new_window`,`modal`,`prefix`,`postfix`,`published`,`title`,`cm_check`,`cm_path`,`akey`,`display`,`access`,`gid`,`checked_out`,`checked_out_time`) values (2,'New Article','index.php?option=com_content&sectionid=0&task=add','/administrator/templates/khepri/images/header/icon-48-article-add.png',1,0,0,'','',1,'New Article',0,'','N',0,0,25,0,'0000-00-00 00:00:00'),(4,'Frontpage','index.php?option=com_frontpage','/administrator/templates/khepri/images/header/icon-48-frontpage.png',2,0,0,'','',1,'Frontpage Management',0,'','F',0,0,25,0,'0000-00-00 00:00:00'),(6,'Media','index.php?option=com_media','/administrator/templates/khepri/images/header/icon-48-media.png',3,0,0,'','',1,'Media Management',0,'','M',0,0,25,0,'0000-00-00 00:00:00'),(20,'Newsfeeds (rss)','index.php?option=com_newsfeeds','/administrator/components/com_customquickicons/images/rss-48.png',8,0,0,'','',1,'',0,'','F',0,0,25,0,'0000-00-00 00:00:00'),(19,'SEF','index.php?option=com_sh404sef','/administrator/components/com_customquickicons/images/web.png',7,0,0,'','',1,'',0,'','S',0,0,25,0,'0000-00-00 00:00:00'),(18,'Backup Joomla','index.php?option=com_joomlapack&act=pack','/administrator/components/com_customquickicons/images/ark.png',5,0,0,'','',1,'',0,'','B',0,0,25,0,'0000-00-00 00:00:00'),(10,'Users','index.php?option=com_users','/administrator/templates/khepri/images/header/icon-48-user.png',4,0,0,'','',1,'User Management',0,'','U',0,0,25,0,'0000-00-00 00:00:00'),(11,'Modules','index.php?option=com_modules','/administrator/components/com_customquickicons/images/ksirtet.png',6,0,0,'','',1,'Modules',0,'','C',0,0,25,0,'0000-00-00 00:00:00');

/*Table structure for table `jos_groups` */


CREATE TABLE `jos_groups` (
  `id` tinyint(3) unsigned NOT NULL default '0',
  `name` varchar(50) NOT NULL default '',
  PRIMARY KEY  (`id`)
) ENGINE=MyISAM DEFAULT CHARSET=utf8;

/*Data for the table `jos_groups` */

insert  into `jos_groups`(`id`,`name`) values (0,'Public'),(1,'Registered'),(2,'Special');

/*Table structure for table `jos_jce_extensions` */


CREATE TABLE `jos_jce_extensions` (
  `id` int(11) NOT NULL auto_increment,
  `pid` int(11) NOT NULL,
  `name` varchar(100) NOT NULL,
  `extension` varchar(255) NOT NULL,
  `folder` varchar(255) NOT NULL,
  `published` tinyint(3) NOT NULL,
  PRIMARY KEY  (`id`)
) ENGINE=InnoDB DEFAULT CHARSET=latin1;

/*Data for the table `jos_jce_extensions` */

insert  into `jos_jce_extensions`(`id`,`pid`,`name`,`extension`,`folder`,`published`) values (1,15,'Joomla Links for Advanced Link','joomlalinks','links',1);

/*Table structure for table `jos_jce_groups` */


CREATE TABLE `jos_jce_groups` (
  `id` int(11) NOT NULL auto_increment,
  `name` varchar(255) NOT NULL,
  `description` varchar(255) NOT NULL,
  `users` text NOT NULL,
  `types` varchar(255) NOT NULL,
  `components` text NOT NULL,
  `rows` text NOT NULL,
  `plugins` varchar(255) NOT NULL,
  `published` tinyint(3) NOT NULL,
  `ordering` int(11) NOT NULL,
  `checked_out` tinyint(3) NOT NULL,
  `checked_out_time` datetime NOT NULL,
  `params` text NOT NULL,
  PRIMARY KEY  (`id`)
) ENGINE=InnoDB DEFAULT CHARSET=latin1;

/*Data for the table `jos_jce_groups` */

insert  into `jos_jce_groups`(`id`,`name`,`description`,`users`,`types`,`components`,`rows`,`plugins`,`published`,`ordering`,`checked_out`,`checked_out_time`,`params`) values (1,'Default','Default group for all users with edit access','','19,20,21,23,24,25','','28,27,32,33,19,20,21,29,45,44,43,46,26,49,36,37,30,31,39,40;56,47,38,5,9,48,42,24,25,22,18,2;7,17,13,10,3;23,15,14,59,16,4,6,8,12,54,34,41,11','1,52,53,55,57,2,3,4,5,6,7,8,9,10,11,12,13,14,15,16,17,28,54,59',1,1,0,'0000-00-00 00:00:00','');

/*Table structure for table `jos_jce_plugins` */


CREATE TABLE `jos_jce_plugins` (
  `id` int(11) NOT NULL auto_increment,
  `title` varchar(100) NOT NULL default '',
  `name` varchar(100) NOT NULL,
  `type` varchar(100) NOT NULL default 'plugin',
  `icon` varchar(255) NOT NULL default '',
  `layout` varchar(255) NOT NULL,
  `row` int(11) NOT NULL default '0',
  `ordering` int(11) NOT NULL default '0',
  `published` tinyint(3) NOT NULL default '0',
  `editable` tinyint(3) NOT NULL default '0',
  `elements` varchar(255) NOT NULL default '',
  `params` text NOT NULL,
  `iscore` tinyint(3) NOT NULL default '0',
  `checked_out` int(11) NOT NULL default '0',
  `checked_out_time` datetime NOT NULL default '0000-00-00 00:00:00',
  PRIMARY KEY  (`id`),
  UNIQUE KEY `plugin` (`name`)
) ENGINE=InnoDB DEFAULT CHARSET=latin1;

/*Data for the table `jos_jce_plugins` */

insert  into `jos_jce_plugins`(`id`,`title`,`name`,`type`,`icon`,`layout`,`row`,`ordering`,`published`,`editable`,`elements`,`params`,`iscore`,`checked_out`,`checked_out_time`) values (1,'Context Menu','contextmenu','plugin','','',0,19,1,0,'','',1,0,'0000-00-00 00:00:00'),(2,'Directionality','directionality','plugin','ltr,rtl','directionality',3,26,1,0,'','',1,0,'0000-00-00 00:00:00'),(3,'Emotions','emotions','plugin','emotions','emotions',3,24,1,0,'','',1,0,'0000-00-00 00:00:00'),(4,'Fullscreen','fullscreen','plugin','fullscreen','fullscreen',3,27,1,0,'','',1,0,'0000-00-00 00:00:00'),(5,'Paste','paste','plugin','pasteword,pastetext','paste',2,15,1,1,'','',1,0,'0000-00-00 00:00:00'),(6,'Preview','preview','plugin','preview','preview',3,29,1,0,'','',1,0,'0000-00-00 00:00:00'),(7,'Tables','table','plugin','tablecontrols','buttons',3,11,1,0,'','',1,0,'0000-00-00 00:00:00'),(8,'Print','print','plugin','print','print',3,25,1,0,'','',1,0,'0000-00-00 00:00:00'),(9,'Search Replace','searchreplace','plugin','search,replace','searchreplace',2,18,1,0,'','',1,0,'0000-00-00 00:00:00'),(10,'Styles','style','plugin','styleprops','style',4,16,1,0,'','',1,0,'0000-00-00 00:00:00'),(11,'Non-Breaking','nonbreaking','plugin','nonbreaking','nonbreaking',4,21,1,0,'','',1,0,'0000-00-00 00:00:00'),(12,'Visual Characters','visualchars','plugin','visualchars','visualchars',4,20,1,0,'','',1,0,'0000-00-00 00:00:00'),(13,'XHTML Xtras','xhtmlxtras','plugin','cite,abbr,acronym,del,ins,attribs','xhtmlxtras',4,17,1,0,'','',1,0,'0000-00-00 00:00:00'),(14,'Image Manager','imgmanager','plugin','imgmanager','imgmanager',4,30,1,1,'','',1,0,'0000-00-00 00:00:00'),(15,'Advanced Link','advlink','plugin','advlink','advlink',4,31,1,1,'','',1,0,'0000-00-00 00:00:00'),(16,'Spell Checker','spellchecker','plugin','spellchecker','spellchecker',4,22,1,1,'','',1,0,'0000-00-00 00:00:00'),(17,'Layers','layer','plugin','insertlayer,moveforward,movebackward,absolute','layer',4,10,1,0,'','',1,0,'0000-00-00 00:00:00'),(18,'Font ForeColour','forecolor','command','forecolor','forecolor',2,17,1,0,'','',1,0,'0000-00-00 00:00:00'),(19,'Bold','bold','command','bold','bold',1,2,1,0,'','',1,0,'0000-00-00 00:00:00'),(20,'Italic','italic','command','italic','italic',1,3,1,0,'','',1,0,'0000-00-00 00:00:00'),(21,'Underline','underline','command','underline','underline',1,4,1,0,'','',1,0,'0000-00-00 00:00:00'),(22,'Font BackColour','backcolor','command','backcolor','backcolor',2,18,1,0,'','',1,0,'0000-00-00 00:00:00'),(23,'Unlink','unlink','command','unlink','unlink',2,11,1,0,'','',1,0,'0000-00-00 00:00:00'),(24,'Font Select','fontselect','command','fontselect','fontselect',1,12,1,0,'','',1,0,'0000-00-00 00:00:00'),(25,'Font Size Select','fontsizeselect','command','fontsizeselect','fontsizeselect',1,13,1,0,'','',1,0,'0000-00-00 00:00:00'),(26,'Style Select','styleselect','command','styleselect','styleselect',1,10,1,0,'','',1,0,'0000-00-00 00:00:00'),(27,'New Document','newdocument','command','newdocument','newdocument',1,1,1,0,'','',1,0,'0000-00-00 00:00:00'),(28,'Help','help','plugin','help','help',1,6,1,0,'','',1,0,'0000-00-00 00:00:00'),(29,'StrikeThrough','strikethrough','command','strikethrough','strikethrough',1,5,1,0,'','',1,0,'0000-00-00 00:00:00'),(30,'Indent','indent','command','indent','indent',2,7,1,0,'','',1,0,'0000-00-00 00:00:00'),(31,'Outdent','outdent','command','outdent','outdent',2,6,1,0,'','',1,0,'0000-00-00 00:00:00'),(32,'Undo','undo','command','undo','undo',2,8,1,0,'','',1,0,'0000-00-00 00:00:00'),(33,'Redo','redo','command','redo','redo',2,9,1,0,'','',1,0,'0000-00-00 00:00:00'),(34,'Horizontal Rule','hr','command','hr','hr',3,2,1,0,'','',1,0,'0000-00-00 00:00:00'),(35,'HTML','html','command','code','code',2,16,1,0,'','',1,0,'0000-00-00 00:00:00'),(36,'Numbered List','numlist','command','numlist','numlist',2,5,1,0,'','',1,0,'0000-00-00 00:00:00'),(37,'Bullet List','bullist','command','bullist','bullist',2,4,1,0,'','',1,0,'0000-00-00 00:00:00'),(38,'Clipboard Actions','clipboard','command','cut,copy,paste','clipboard',2,1,1,0,'','',1,0,'0000-00-00 00:00:00'),(39,'Subscript','sub','command','sub','sub',3,5,1,0,'','',1,0,'0000-00-00 00:00:00'),(40,'Superscript','sup','command','sup','sup',3,6,1,0,'','',1,0,'0000-00-00 00:00:00'),(41,'Visual Aid','visualaid','command','visualaid','visualaid',3,4,1,0,'','',1,0,'0000-00-00 00:00:00'),(42,'Character Map','charmap','command','charmap','charmap',3,7,1,0,'','',1,0,'0000-00-00 00:00:00'),(43,'Justify Full','full','command','justifyfull','justifyfull',1,8,1,0,'','',1,0,'0000-00-00 00:00:00'),(44,'Justify Center','center','command','justifycenter','justifycenter',1,7,1,0,'','',1,0,'0000-00-00 00:00:00'),(45,'Justify Left','left','command','justifyleft','justifyleft',1,6,1,0,'','',1,0,'0000-00-00 00:00:00'),(46,'Justify Right','right','command','justifyright','justifyright',1,9,1,0,'','',1,0,'0000-00-00 00:00:00'),(47,'Remove Format','removeformat','command','removeformat','removeformat',3,3,1,0,'','',1,0,'0000-00-00 00:00:00'),(48,'Anchor','anchor','command','anchor','anchor',2,12,1,0,'','',1,0,'0000-00-00 00:00:00'),(49,'Format Select','formatselect','command','formatselect','formatselect',1,11,1,0,'','',1,0,'0000-00-00 00:00:00'),(50,'Image','image','command','image','image',2,13,1,0,'','',1,0,'0000-00-00 00:00:00'),(51,'Link','link','command','link','link',2,10,1,0,'','',1,0,'0000-00-00 00:00:00'),(52,'File Browser','browser','plugin','','',0,28,1,1,'','',1,0,'0000-00-00 00:00:00'),(53,'Inline Popups','inlinepopups','plugin','','',0,12,1,0,'','',1,0,'0000-00-00 00:00:00'),(54,'Read More','readmore','plugin','readmore','readmore',4,23,1,0,'','',1,0,'0000-00-00 00:00:00'),(55,'Media Support','media','plugin','','',0,9,1,1,'','',1,0,'0000-00-00 00:00:00'),(56,'Code Cleanup','cleanup','command','cleanup','cleanup',2,14,1,0,'','',1,0,'0000-00-00 00:00:00'),(57,'Safari Browser Support','safari','plugin','','',0,13,1,0,'','',1,0,'0000-00-00 00:00:00'),(59,'Advanced Code Editor','advcode','plugin','advcode','advcode',4,8,1,0,'','',1,0,'0000-00-00 00:00:00');

/*Table structure for table `jos_jp_exclusion` */


CREATE TABLE `jos_jp_exclusion` (
  `id` bigint(20) NOT NULL auto_increment,
  `class` varchar(255) NOT NULL,
  `value` longtext NOT NULL,
  PRIMARY KEY  (`id`)
) ENGINE=InnoDB DEFAULT CHARSET=latin1;

/*Data for the table `jos_jp_exclusion` */

insert  into `jos_jp_exclusion`(`id`,`class`,`value`) values (1,'sff','C:/ae/sites/jpack/packages/core/administrator/backups/index.html'),(2,'sff','C:/ae/sites/jpack/packages/core/administrator/components/index.html'),(3,'sff','C:/ae/sites/jpack/packages/core/INSTALL.php');

/*Table structure for table `jos_jp_inclusion` */


CREATE TABLE `jos_jp_inclusion` (
  `id` bigint(20) NOT NULL auto_increment,
  `class` varchar(255) NOT NULL,
  `value` longtext NOT NULL,
  PRIMARY KEY  (`id`)
) ENGINE=InnoDB DEFAULT CHARSET=latin1;

/*Data for the table `jos_jp_inclusion` */

/*Table structure for table `jos_jp_packvars` */


CREATE TABLE `jos_jp_packvars` (
  `id` int(11) NOT NULL auto_increment,
  `key` varchar(255) NOT NULL,
  `value` varchar(255) default NULL,
  `value2` longtext,
  PRIMARY KEY  (`id`)
) ENGINE=InnoDB DEFAULT CHARSET=latin1;

/*Data for the table `jos_jp_packvars` */

insert  into `jos_jp_packvars`(`id`,`key`,`value`,`value2`) values (60,'CUBEObject',NULL,'O:14:\"JoomlapackCUBE\":15:{s:14:\"_currentDomain\";s:6:\"finale\";s:12:\"_currentStep\";s:53:\"C:/ae/sites/jpack/packages/core/administrator/backups\";s:15:\"_currentSubstep\";s:0:\"\";s:14:\"_currentObject\";N;s:11:\"_isFinished\";b:0;s:6:\"_Error\";s:0:\"\";s:11:\"_OnlyDBMode\";b:0;s:13:\"FilterManager\";O:23:\"JoomlapackFilterManager\":1:{s:8:\"_filters\";N;}s:17:\"_archiveExtension\";s:4:\".zip\";s:17:\"_archiverInstance\";O:19:\"JoomlapackPackerZIP\":13:{s:8:\"_methods\";a:8:{i:0;s:4:\"None\";i:1;s:6:\"Shrunk\";i:2;s:10:\"Super Fast\";i:3;s:4:\"Fast\";i:4;s:6:\"Normal\";i:5;s:7:\"Maximum\";i:6;s:8:\"Imploded\";i:8;s:8:\"Deflated\";}s:14:\"_ctrlDirHeader\";s:4:\"PK\";s:11:\"_ctrlDirEnd\";s:8:\"PK\0\0\0\0\";s:11:\"_fileHeader\";s:4:\"PK\";s:16:\"_ctrlDirFileName\";s:90:\"C:/ae/sites/jpack/packages/core/administrator/components/com_joomlapack/backup\\jpz2CE0.tmp\";s:13:\"_dataFileName\";s:110:\"C:/ae/sites/jpack/packages/core/administrator/components/com_joomlapack/backup/site-jpcore-20090302-084601.zip\";s:17:\"_totalFileEntries\";i:5884;s:30:\"JoomlapackPackerZIP_CHUNK_SIZE\";d:62520196;s:13:\"_xform_source\";s:98:\"C:\\ae\\sites\\jpack\\packages\\core\\administrator\\components\\com_joomlapack\\assets\\installers\\jpi3.jpa\";s:9:\"_xform_fp\";i:0;s:9:\"startTime\";i:0;s:6:\"_error\";N;s:9:\"_warnings\";N;}s:15:\"_dumperInstance\";N;s:15:\"_listerInstance\";O:27:\"JoomlapackListerAbstraction\":3:{s:11:\"_globEnable\";b:0;s:6:\"_error\";N;s:9:\"_warnings\";N;}s:9:\"_Warnings\";N;s:6:\"_error\";N;s:9:\"_warnings\";N;}');

/*Table structure for table `jos_menu` */


CREATE TABLE `jos_menu` (
  `id` int(11) NOT NULL auto_increment,
  `menutype` varchar(75) default NULL,
  `name` varchar(255) default NULL,
  `alias` varchar(255) NOT NULL default '',
  `link` text,
  `type` varchar(50) NOT NULL default '',
  `published` tinyint(1) NOT NULL default '0',
  `parent` int(11) unsigned NOT NULL default '0',
  `componentid` int(11) unsigned NOT NULL default '0',
  `sublevel` int(11) default '0',
  `ordering` int(11) default '0',
  `checked_out` int(11) unsigned NOT NULL default '0',
  `checked_out_time` datetime NOT NULL default '0000-00-00 00:00:00',
  `pollid` int(11) NOT NULL default '0',
  `browserNav` tinyint(4) default '0',
  `access` tinyint(3) unsigned NOT NULL default '0',
  `utaccess` tinyint(3) unsigned NOT NULL default '0',
  `params` text NOT NULL,
  `lft` int(11) unsigned NOT NULL default '0',
  `rgt` int(11) unsigned NOT NULL default '0',
  `home` int(1) unsigned NOT NULL default '0',
  PRIMARY KEY  (`id`),
  KEY `componentid` (`componentid`,`menutype`,`published`,`access`),
  KEY `menutype` (`menutype`)
) ENGINE=MyISAM AUTO_INCREMENT=13 DEFAULT CHARSET=utf8;

/*Data for the table `jos_menu` */

insert  into `jos_menu`(`id`,`menutype`,`name`,`alias`,`link`,`type`,`published`,`parent`,`componentid`,`sublevel`,`ordering`,`checked_out`,`checked_out_time`,`pollid`,`browserNav`,`access`,`utaccess`,`params`,`lft`,`rgt`,`home`) values (2,'mainmenu','Home','home','index.php?option=com_content&view=article&id=2','component',1,0,20,0,4,0,'0000-00-00 00:00:00',0,0,0,0,'show_noauth=\nshow_title=\nlink_titles=\nshow_intro=\nshow_section=\nlink_section=\nshow_category=\nlink_category=\nshow_author=\nshow_create_date=\nshow_modify_date=\nshow_item_navigation=\nshow_readmore=\nshow_vote=\nshow_icons=\nshow_pdf_icon=\nshow_print_icon=\nshow_email_icon=\nshow_hits=\nfeed_summary=\npage_title=\nshow_page_title=1\npageclass_sfx=\nmenu_image=-1\nsecure=0\n\n',0,0,1),(3,'mainmenu','About','about','index.php?option=com_content&view=article&id=3','component',1,0,20,0,5,0,'0000-00-00 00:00:00',0,0,0,0,'show_noauth=\nshow_title=\nlink_titles=\nshow_intro=\nshow_section=\nlink_section=\nshow_category=\nlink_category=\nshow_author=\nshow_create_date=\nshow_modify_date=\nshow_item_navigation=\nshow_readmore=\nshow_vote=\nshow_icons=\nshow_pdf_icon=\nshow_print_icon=\nshow_email_icon=\nshow_hits=\nfeed_summary=\npage_title=\nshow_page_title=1\npageclass_sfx=\nmenu_image=-1\nsecure=0\n\n',0,0,0),(4,'mainmenu','Lorem Ipsum','lorem-ipsum','index.php?option=com_content&view=article&id=4','component',1,0,20,0,6,0,'0000-00-00 00:00:00',0,0,0,0,'show_noauth=\nshow_title=\nlink_titles=\nshow_intro=\nshow_section=\nlink_section=\nshow_category=\nlink_category=\nshow_author=\nshow_create_date=\nshow_modify_date=\nshow_item_navigation=\nshow_readmore=\nshow_vote=\nshow_icons=\nshow_pdf_icon=\nshow_print_icon=\nshow_email_icon=\nshow_hits=\nfeed_summary=\npage_title=\nshow_page_title=1\npageclass_sfx=\nmenu_image=-1\nsecure=0\n\n',0,0,0),(7,'gettingstarted','First Steps','first-steps','index.php?option=com_content&view=article&id=8','component',1,0,20,0,1,0,'0000-00-00 00:00:00',0,0,0,0,'show_noauth=\nshow_title=\nlink_titles=\nshow_intro=\nshow_section=\nlink_section=\nshow_category=\nlink_category=\nshow_author=\nshow_create_date=\nshow_modify_date=\nshow_item_navigation=\nshow_readmore=\nshow_vote=\nshow_icons=\nshow_pdf_icon=\nshow_print_icon=\nshow_email_icon=\nshow_hits=\nfeed_summary=\npage_title=\nshow_page_title=1\npageclass_sfx=\nmenu_image=-1\nsecure=0\n\n',0,0,0),(8,'gettingstarted','Administrator Tour','administrator-tour','index.php?option=com_content&view=article&id=9','component',1,0,20,0,2,0,'0000-00-00 00:00:00',0,0,0,0,'show_noauth=\nshow_title=\nlink_titles=\nshow_intro=\nshow_section=\nlink_section=\nshow_category=\nlink_category=\nshow_author=\nshow_create_date=\nshow_modify_date=\nshow_item_navigation=\nshow_readmore=\nshow_vote=\nshow_icons=\nshow_pdf_icon=\nshow_print_icon=\nshow_email_icon=\nshow_hits=\nfeed_summary=\npage_title=\nshow_page_title=1\npageclass_sfx=\nmenu_image=-1\nsecure=0\n\n',0,0,0),(9,'gettingstarted','Package Updates','package-updates','index.php?option=com_content&view=article&id=10','component',1,0,20,0,3,0,'0000-00-00 00:00:00',0,0,0,0,'show_noauth=\nshow_title=\nlink_titles=\nshow_intro=\nshow_section=\nlink_section=\nshow_category=\nlink_category=\nshow_author=\nshow_create_date=\nshow_modify_date=\nshow_item_navigation=\nshow_readmore=\nshow_vote=\nshow_icons=\nshow_pdf_icon=\nshow_print_icon=\nshow_email_icon=\nshow_hits=\nfeed_summary=\npage_title=\nshow_page_title=1\npageclass_sfx=\nmenu_image=-1\nsecure=0\n\n',0,0,0),(10,'gettingstarted','Further Help','further-help','index.php?option=com_content&view=article&id=11','component',1,0,20,0,4,0,'0000-00-00 00:00:00',0,0,0,0,'show_noauth=\nshow_title=\nlink_titles=\nshow_intro=\nshow_section=\nlink_section=\nshow_category=\nlink_category=\nshow_author=\nshow_create_date=\nshow_modify_date=\nshow_item_navigation=\nshow_readmore=\nshow_vote=\nshow_icons=\nshow_pdf_icon=\nshow_print_icon=\nshow_email_icon=\nshow_hits=\nfeed_summary=\npage_title=\nshow_page_title=1\npageclass_sfx=\nmenu_image=-1\nsecure=0\n\n',0,0,0),(11,'gettingstarted','Deleting Content','deleting-content','index.php?option=com_content&view=article&id=12','component',1,0,20,0,5,0,'0000-00-00 00:00:00',0,0,0,0,'show_noauth=\nshow_title=\nlink_titles=\nshow_intro=\nshow_section=\nlink_section=\nshow_category=\nlink_category=\nshow_author=\nshow_create_date=\nshow_modify_date=\nshow_item_navigation=\nshow_readmore=\nshow_vote=\nshow_icons=\nshow_pdf_icon=\nshow_print_icon=\nshow_email_icon=\nshow_hits=\nfeed_summary=\npage_title=\nshow_page_title=1\npageclass_sfx=\nmenu_image=-1\nsecure=0\n\n',0,0,0);

/*Table structure for table `jos_menu_types` */


CREATE TABLE `jos_menu_types` (
  `id` int(10) unsigned NOT NULL auto_increment,
  `menutype` varchar(75) NOT NULL default '',
  `title` varchar(255) NOT NULL default '',
  `description` varchar(255) NOT NULL default '',
  PRIMARY KEY  (`id`),
  UNIQUE KEY `menutype` (`menutype`)
) ENGINE=MyISAM AUTO_INCREMENT=3 DEFAULT CHARSET=utf8;

/*Data for the table `jos_menu_types` */

insert  into `jos_menu_types`(`id`,`menutype`,`title`,`description`) values (1,'mainmenu','Main Menu','The main menu for the site'),(2,'gettingstarted','Getting Started','Core Package Instructions');

/*Table structure for table `jos_messages` */


CREATE TABLE `jos_messages` (
  `message_id` int(10) unsigned NOT NULL auto_increment,
  `user_id_from` int(10) unsigned NOT NULL default '0',
  `user_id_to` int(10) unsigned NOT NULL default '0',
  `folder_id` int(10) unsigned NOT NULL default '0',
  `date_time` datetime NOT NULL default '0000-00-00 00:00:00',
  `state` int(11) NOT NULL default '0',
  `priority` int(1) unsigned NOT NULL default '0',
  `subject` text NOT NULL,
  `message` text NOT NULL,
  PRIMARY KEY  (`message_id`),
  KEY `useridto_state` (`user_id_to`,`state`)
) ENGINE=MyISAM AUTO_INCREMENT=2 DEFAULT CHARSET=utf8;

/*Data for the table `jos_messages` */

/*Table structure for table `jos_messages_cfg` */


CREATE TABLE `jos_messages_cfg` (
  `user_id` int(10) unsigned NOT NULL default '0',
  `cfg_name` varchar(100) NOT NULL default '',
  `cfg_value` varchar(255) NOT NULL default '',
  UNIQUE KEY `idx_user_var_name` (`user_id`,`cfg_name`)
) ENGINE=MyISAM DEFAULT CHARSET=utf8;

/*Data for the table `jos_messages_cfg` */

/*Table structure for table `jos_migration_backlinks` */


CREATE TABLE `jos_migration_backlinks` (
  `itemid` int(11) NOT NULL,
  `name` varchar(100) NOT NULL,
  `url` text NOT NULL,
  `sefurl` text NOT NULL,
  `newurl` text NOT NULL,
  PRIMARY KEY  (`itemid`)
) ENGINE=MyISAM DEFAULT CHARSET=utf8;

/*Data for the table `jos_migration_backlinks` */

/*Table structure for table `jos_modules` */


CREATE TABLE `jos_modules` (
  `id` int(11) NOT NULL auto_increment,
  `title` text NOT NULL,
  `content` text NOT NULL,
  `ordering` int(11) NOT NULL default '0',
  `position` varchar(50) default NULL,
  `checked_out` int(11) unsigned NOT NULL default '0',
  `checked_out_time` datetime NOT NULL default '0000-00-00 00:00:00',
  `published` tinyint(1) NOT NULL default '0',
  `module` varchar(50) default NULL,
  `numnews` int(11) NOT NULL default '0',
  `access` tinyint(3) unsigned NOT NULL default '0',
  `showtitle` tinyint(3) unsigned NOT NULL default '1',
  `params` text NOT NULL,
  `iscore` tinyint(4) NOT NULL default '0',
  `client_id` tinyint(4) NOT NULL default '0',
  `control` text NOT NULL,
  PRIMARY KEY  (`id`),
  KEY `published` (`published`,`access`),
  KEY `newsfeeds` (`module`,`published`)
) ENGINE=MyISAM AUTO_INCREMENT=34 DEFAULT CHARSET=utf8;

/*Data for the table `jos_modules` */

insert  into `jos_modules`(`id`,`title`,`content`,`ordering`,`position`,`checked_out`,`checked_out_time`,`published`,`module`,`numnews`,`access`,`showtitle`,`params`,`iscore`,`client_id`,`control`) values (1,'Main Menu','',0,'hornav',0,'0000-00-00 00:00:00',1,'mod_mainmenu',0,0,1,'menutype=mainmenu\nmenu_style=list\nstartLevel=0\nendLevel=3\nshowAllChildren=1\nwindow_open=\nshow_whitespace=0\ncache=1\ntag_id=\nclass_sfx=\nmoduleclass_sfx=_menu\nmaxdepth=10\nmenu_images=0\nmenu_images_align=0\nmenu_images_link=0\nexpand_menu=0\nactivate_parent=0\nfull_active_id=0\nindent_image=0\nindent_image1=\nindent_image2=\nindent_image3=\nindent_image4=\nindent_image5=\nindent_image6=\nspacer=\nend_spacer=\n\n',1,0,''),(2,'Login','',1,'login',0,'0000-00-00 00:00:00',1,'mod_login',0,0,1,'',1,1,''),(3,'Popular','',3,'cpanel',0,'0000-00-00 00:00:00',1,'mod_popular',0,2,1,'',0,1,''),(4,'Recent added Articles','',4,'cpanel',0,'0000-00-00 00:00:00',0,'mod_latest',0,2,1,'ordering=c_dsc\nuser_id=0\ncache=0\n\n',0,1,''),(5,'Menu Stats','',5,'cpanel',0,'0000-00-00 00:00:00',0,'mod_stats',0,2,1,'',0,1,''),(6,'Unread Messages','',1,'header',0,'0000-00-00 00:00:00',1,'mod_unread',0,2,1,'',1,1,''),(7,'Online Users','',2,'header',0,'0000-00-00 00:00:00',1,'mod_online',0,2,1,'',1,1,''),(8,'Toolbar','',1,'toolbar',0,'0000-00-00 00:00:00',1,'mod_toolbar',0,2,1,'',1,1,''),(9,'Quick Icons','',2,'icon',0,'0000-00-00 00:00:00',0,'mod_quickicon',0,2,1,'',1,1,''),(10,'Logged in Users','',2,'cpanel',0,'0000-00-00 00:00:00',1,'mod_logged',0,2,1,'',0,1,''),(11,'Footer','',1,'footer',0,'0000-00-00 00:00:00',1,'mod_footer',0,0,1,'',1,1,''),(12,'Admin Menu','',1,'menu',0,'0000-00-00 00:00:00',1,'mod_menu',0,2,1,'',0,1,''),(13,'Admin SubMenu','',1,'submenu',0,'0000-00-00 00:00:00',1,'mod_submenu',0,2,1,'cache=0\n\n',0,1,''),(14,'User Status','',1,'status',0,'0000-00-00 00:00:00',1,'mod_status',0,2,1,'',0,1,''),(15,'Title','',1,'title',0,'0000-00-00 00:00:00',1,'mod_title',0,2,1,'',0,1,''),(16,'AllVideos Reloaded','',2,'left',0,'0000-00-00 00:00:00',0,'mod_avreloaded',0,0,1,'pwidth=320\npheight=180\n',0,0,''),(17,'JCE Latest News','',1,'jce_cpanel',0,'0000-00-00 00:00:00',0,'mod_feed',0,0,1,'cache=1\r\n	cache_time=15\r\n	moduleclass_sfx=\r\n	rssurl=http://www.joomlacontenteditor.net/index.php?option=com_rss&feed=RSS2.0&type=com_frontpage&Itemid=1\r\n	rssrtl=0\r\n	rsstitle=0\r\n	rssdesc=0\r\n	rssimage=0\r\n	rssitems=3\r\n	rssitemdesc=1\r\n	word_count=100',0,1,''),(18,'JCE Control Panel Icons','',1,'jce_icon',0,'0000-00-00 00:00:00',1,'mod_jcequickicon',0,0,0,'',0,1,''),(32,'Updates, Services, and Clinics','<iframe src=\"../jp-updater/index.php/reader\" name=\"module\" style=\"border:0px solid #F9F9F9;\" height=\"250\" width=\"99%\"></iframe>',0,'cpanel',62,'2009-03-09 22:19:19',1,'mod_custom',0,0,1,'moduleclass_sfx=\n\n',0,1,''),(23,'CQI - CustomQuickIcons','',3,'icon',0,'0000-00-00 00:00:00',1,'mod_customquickicons',0,0,1,'',0,1,''),(24,'Getting Started','',1,'left',0,'0000-00-00 00:00:00',1,'mod_mainmenu',0,0,1,'menutype=gettingstarted',0,0,''),(25,'ND Editor Switcher','',2,'status',0,'0000-00-00 00:00:00',1,'mod_ndeditorswitch_switcher',0,2,0,'',0,1,''),(31,'QuickFAQ Tag Cloud','',3,'left',0,'0000-00-00 00:00:00',0,'mod_qftagcloud',0,0,1,'min_size=1\nmax_size=10\nlimit=25\n',0,0,'');

/*Table structure for table `jos_modules_menu` */


CREATE TABLE `jos_modules_menu` (
  `moduleid` int(11) NOT NULL default '0',
  `menuid` int(11) NOT NULL default '0',
  PRIMARY KEY  (`moduleid`,`menuid`)
) ENGINE=MyISAM DEFAULT CHARSET=utf8;

/*Data for the table `jos_modules_menu` */

insert  into `jos_modules_menu`(`moduleid`,`menuid`) values (1,0),(16,0),(24,0),(31,0);

/*Table structure for table `jos_newsfeeds` */


CREATE TABLE `jos_newsfeeds` (
  `catid` int(11) NOT NULL default '0',
  `id` int(11) NOT NULL auto_increment,
  `name` text NOT NULL,
  `alias` varchar(255) NOT NULL default '',
  `link` text NOT NULL,
  `filename` varchar(200) default NULL,
  `published` tinyint(1) NOT NULL default '0',
  `numarticles` int(11) unsigned NOT NULL default '1',
  `cache_time` int(11) unsigned NOT NULL default '3600',
  `checked_out` tinyint(3) unsigned NOT NULL default '0',
  `checked_out_time` datetime NOT NULL default '0000-00-00 00:00:00',
  `ordering` int(11) NOT NULL default '0',
  `rtl` tinyint(4) NOT NULL default '0',
  PRIMARY KEY  (`id`),
  KEY `published` (`published`),
  KEY `catid` (`catid`)
) ENGINE=MyISAM DEFAULT CHARSET=utf8;

/*Data for the table `jos_newsfeeds` */

/*Table structure for table `jos_plugins` */


CREATE TABLE `jos_plugins` (
  `id` int(11) NOT NULL auto_increment,
  `name` varchar(100) NOT NULL default '',
  `element` varchar(100) NOT NULL default '',
  `folder` varchar(100) NOT NULL default '',
  `access` tinyint(3) unsigned NOT NULL default '0',
  `ordering` int(11) NOT NULL default '0',
  `published` tinyint(3) NOT NULL default '0',
  `iscore` tinyint(3) NOT NULL default '0',
  `client_id` tinyint(3) NOT NULL default '0',
  `checked_out` int(11) unsigned NOT NULL default '0',
  `checked_out_time` datetime NOT NULL default '0000-00-00 00:00:00',
  `params` text NOT NULL,
  PRIMARY KEY  (`id`),
  KEY `idx_folder` (`published`,`client_id`,`access`,`folder`)
) ENGINE=MyISAM AUTO_INCREMENT=47 DEFAULT CHARSET=utf8;

/*Data for the table `jos_plugins` */

insert  into `jos_plugins`(`id`,`name`,`element`,`folder`,`access`,`ordering`,`published`,`iscore`,`client_id`,`checked_out`,`checked_out_time`,`params`) values (1,'Authentication - Joomla','joomla','authentication',0,1,1,1,0,0,'0000-00-00 00:00:00',''),(2,'Authentication - LDAP','ldap','authentication',0,2,0,1,0,0,'0000-00-00 00:00:00','host=\nport=389\nuse_ldapV3=0\nnegotiate_tls=0\nno_referrals=0\nauth_method=bind\nbase_dn=\nsearch_string=\nusers_dn=\nusername=\npassword=\nldap_fullname=fullName\nldap_email=mail\nldap_uid=uid\n\n'),(3,'Authentication - GMail','gmail','authentication',0,4,0,0,0,0,'0000-00-00 00:00:00',''),(4,'Authentication - OpenID','openid','authentication',0,3,0,0,0,0,'0000-00-00 00:00:00',''),(5,'User - Joomla!','joomla','user',0,0,1,0,0,0,'0000-00-00 00:00:00','autoregister=1\n\n'),(6,'Search - Content','content','search',0,1,1,1,0,0,'0000-00-00 00:00:00','search_limit=50\nsearch_content=1\nsearch_uncategorised=1\nsearch_archived=1\n\n'),(7,'Search - Contacts','contacts','search',0,3,1,1,0,0,'0000-00-00 00:00:00','search_limit=50\n\n'),(8,'Search - Categories','categories','search',0,4,1,0,0,0,'0000-00-00 00:00:00','search_limit=50\n\n'),(9,'Search - Sections','sections','search',0,5,1,0,0,0,'0000-00-00 00:00:00','search_limit=50\n\n'),(10,'Search - Newsfeeds','newsfeeds','search',0,6,1,0,0,0,'0000-00-00 00:00:00','search_limit=50\n\n'),(11,'Search - Weblinks','weblinks','search',0,2,1,1,0,0,'0000-00-00 00:00:00','search_limit=50\n\n'),(12,'Content - Pagebreak','pagebreak','content',0,10000,1,1,0,0,'0000-00-00 00:00:00','enabled=1\ntitle=1\nmultipage_toc=1\nshowall=1\n\n'),(13,'Content - Rating','vote','content',0,4,1,1,0,0,'0000-00-00 00:00:00',''),(14,'Content - Email Cloaking','emailcloak','content',0,5,1,0,0,0,'0000-00-00 00:00:00','mode=1\n\n'),(15,'Content - Code Hightlighter (GeSHi)','geshi','content',0,5,0,0,0,0,'0000-00-00 00:00:00',''),(16,'Content - Load Module','loadmodule','content',0,6,1,0,0,0,'0000-00-00 00:00:00','enabled=1\nstyle=none\n\n'),(17,'Content - Page Navigation','pagenavigation','content',0,2,1,1,0,0,'0000-00-00 00:00:00','position=1\n\n'),(18,'Editor - No Editor','none','editors',0,1,1,1,0,0,'0000-00-00 00:00:00',''),(19,'Editor - TinyMCE 2.0','tinymce','editors',0,2,1,1,0,0,'0000-00-00 00:00:00','theme=advanced\ncleanup=1\ncleanup_startup=0\nautosave=0\ncompressed=0\nrelative_urls=1\ntext_direction=ltr\nlang_mode=0\nlang_code=en\ninvalid_elements=applet\ncontent_css=1\ncontent_css_custom=\nnewlines=0\ntoolbar=top\nhr=1\nsmilies=1\ntable=1\nstyle=1\nlayer=1\nxhtmlxtras=0\ntemplate=0\ndirectionality=1\nfullscreen=1\nhtml_height=550\nhtml_width=750\npreview=1\ninsertdate=1\nformat_date=%Y-%m-%d\ninserttime=1\nformat_time=%H:%M:%S\n\n'),(20,'Editor - XStandard Lite 2.0','xstandard','editors',0,3,1,1,0,0,'0000-00-00 00:00:00',''),(21,'Editor Button - Image','image','editors-xtd',0,0,1,0,0,0,'0000-00-00 00:00:00',''),(22,'Editor Button - Pagebreak','pagebreak','editors-xtd',0,0,1,0,0,0,'0000-00-00 00:00:00',''),(23,'Editor Button - Readmore','readmore','editors-xtd',0,0,1,0,0,0,'0000-00-00 00:00:00',''),(24,'XML-RPC - Joomla','joomla','xmlrpc',0,7,0,1,0,0,'0000-00-00 00:00:00',''),(25,'XML-RPC - Blogger API','blogger','xmlrpc',0,7,0,1,0,0,'0000-00-00 00:00:00','catid=1\nsectionid=0\n\n'),(27,'System - SEF','sef','system',0,1,1,0,0,0,'0000-00-00 00:00:00',''),(28,'System - Debug','debug','system',0,2,1,0,0,0,'0000-00-00 00:00:00','queries=1\nmemory=1\nlangauge=1\n\n'),(29,'System - Legacy','legacy','system',0,3,0,1,0,0,'0000-00-00 00:00:00','route=0\n\n'),(30,'System - Cache','cache','system',0,4,0,1,0,0,'0000-00-00 00:00:00','browsercache=0\ncachetime=15\n\n'),(31,'System - Log','log','system',0,5,0,1,0,0,'0000-00-00 00:00:00',''),(32,'System - Remember Me','remember','system',0,6,1,1,0,0,'0000-00-00 00:00:00',''),(33,'System - Backlink','backlink','system',0,7,0,1,0,0,'0000-00-00 00:00:00',''),(34,'Content - AllVideos Reloaded','avreloaded','content',0,0,0,0,0,0,'0000-00-00 00:00:00','avcss=allvideos\nwidth=400\nheight=320\nvdir=videos\nwmode=window\nbgcolor=#FFFFFF\nadir=audio\nawidth=300\naheight=20\nripcache=1\ncache_time=3600\nflashver=9.0.115\npbgcolor=#FFFFFF\npfgcolor=#000000\nphicolor=#000000\npsccolor=#000000\nautostart=0\nshownav=1\nshowdigits=1\nshowicons=1\nshowstop=0\nshowdownload=0\nusefullscreen=0\nsearchbar=0\nshoweq=0\nenablejs=0\nmenu=1\nsearchlink=\nlogo=-1\nscreenmode=default\nplsize=30\nstretch=0\nalt=\nlegacy=0\ntmargin=8\nbmargin=8\nvalign=center\n\n'),(35,'Button - AllVideos Reloaded','avreloaded','editors-xtd',0,0,1,0,0,0,'0000-00-00 00:00:00',''),(36,'System - AllVideos Reloaded','avreloaded','system',0,0,0,0,0,0,'0000-00-00 00:00:00',''),(37,'System - sh404sef','shsef','system',0,7,1,0,0,0,'0000-00-00 00:00:00',''),(38,'Editor - JoomlaFCK','fckeditor','editors',0,4,1,0,0,0,'0000-00-00 00:00:00','toolbar=Advanced\ntoolbar_ft=Advanced\nskin=office2007\ncontent_css=1\nimagePath=/images/stories/\ntext_direction=ltr\nshiftentermode=1\nwwidth=100%\nhheight=480\n'),(40,'Google Maps','plugin_googlemap2','content',0,0,0,0,0,0,'0000-00-00 00:00:00','publ=1\nplugincode=mosmap\nGoogle_API_version=2.x\ntimeinterval=500\nurlsetting=http_host\nwidth=100%\nheight=400px\nlat=52.075581\nlon=4.541513\nzoom=10\nzoomType=Large\nmapType=Normal\nshowMaptype=1\ndragging=1\nmarker=1\nmaxads=3\nsearchlist=inline\nsearchtarget=_blank\nsearchzoompan=1\ntxtdir=Directions: \ntxtgetdir=Get Directions\ntxtfrom=From here\ntxtto=To here\ntxtdiraddr=Address: \ntxtaddr=Address: ##\nerraddr=Address ## not found!\nalign=center\nlangtype=center\ntxtlightbox=Open lightbox\nlbxwidth=100%\nlbxheight=700px\neffect=none\nkmlrenderer=google\nkmlsidebar=none\nkmlsbwidth=200\nkmlsbsort=none\n'),(41,'Editor - JCE 1.5.1','jce','editors',0,5,1,0,0,0,'0000-00-00 00:00:00','editor_width=\neditor_height=\neditor_state=mceEditor\neditor_toggle_text=[show/hide]\neditor_table_inline_editing=0\neditor_layout_rows=5\neditor_verify_html=0\neditor_relative_urls=1\neditor_fix_table_elements=1\neditor_fix_list_elements=1\neditor_pluginmode=0\neditor_invalid_elements=applet\neditor_extended_elements=\neditor_event_elements=td,img,a\neditor_forced_root_block=0\neditor_newlines=0\neditor_body_class_type=custom\neditor_body_class_custom=\neditor_content_css=1\neditor_content_css_custom=templates/$template/css/template.css\neditor_custom_config=\neditor_callback_file=\neditor_upload_method=flash\neditor_folder_tree=1\neditor_help_url=http://www.joomlacontenteditor.net/index2.php?option=com_content\neditor_toggle=1\neditor_theme_advanced_toolbar_location=top\neditor_theme_advanced_toolbar_align=left\neditor_skin=default\neditor_skin_variant=default\neditor_inlinepopups_skin=clearlooks2\neditor_allow_script=0\neditor_allow_php=0\neditor_theme_advanced_blockformats=p,div,h1,h2,h3,h4,h5,h6,blockquote,dt,dd,code,samp,pre\neditor_theme_advanced_fonts_add=\neditor_theme_advanced_fonts_remove=\neditor_font_size_style_values=8pt,10pt,12pt,14pt,18pt,24pt,36pt\neditor_dir=images/stories\neditor_max_size=1024\neditor_upload_conflict=\neditor_theme_advanced_source_editor_height=550\neditor_theme_advanced_source_editor_width=750\neditor_preview_height=550\neditor_preview_width=750\neditor_custom_colors=\n\n'),(46,'Search - QuickFAQ','quickfaq','search',0,0,0,0,0,0,'0000-00-00 00:00:00','search_limit=50\n');

/*Table structure for table `jos_poll_data` */


CREATE TABLE `jos_poll_data` (
  `id` int(11) NOT NULL auto_increment,
  `pollid` int(11) NOT NULL default '0',
  `text` text NOT NULL,
  `hits` int(11) NOT NULL default '0',
  PRIMARY KEY  (`id`),
  KEY `pollid` (`pollid`,`text`(1))
) ENGINE=MyISAM DEFAULT CHARSET=utf8;

/*Data for the table `jos_poll_data` */

/*Table structure for table `jos_poll_date` */


CREATE TABLE `jos_poll_date` (
  `id` bigint(20) NOT NULL auto_increment,
  `date` datetime NOT NULL default '0000-00-00 00:00:00',
  `vote_id` int(11) NOT NULL default '0',
  `poll_id` int(11) NOT NULL default '0',
  PRIMARY KEY  (`id`),
  KEY `poll_id` (`poll_id`)
) ENGINE=MyISAM DEFAULT CHARSET=utf8;

/*Data for the table `jos_poll_date` */

/*Table structure for table `jos_poll_menu` */


CREATE TABLE `jos_poll_menu` (
  `pollid` int(11) NOT NULL default '0',
  `menuid` int(11) NOT NULL default '0',
  PRIMARY KEY  (`pollid`,`menuid`)
) ENGINE=MyISAM DEFAULT CHARSET=utf8;

/*Data for the table `jos_poll_menu` */

/*Table structure for table `jos_polls` */


CREATE TABLE `jos_polls` (
  `id` int(11) unsigned NOT NULL auto_increment,
  `title` varchar(255) NOT NULL default '',
  `alias` varchar(255) NOT NULL default '',
  `voters` int(9) NOT NULL default '0',
  `checked_out` int(11) NOT NULL default '0',
  `checked_out_time` datetime NOT NULL default '0000-00-00 00:00:00',
  `published` tinyint(1) NOT NULL default '0',
  `access` int(11) NOT NULL default '0',
  `lag` int(11) NOT NULL default '0',
  PRIMARY KEY  (`id`)
) ENGINE=MyISAM DEFAULT CHARSET=utf8;

/*Data for the table `jos_polls` */

/*Table structure for table `jos_quickfaq_categories` */


CREATE TABLE `jos_quickfaq_categories` (
  `id` int(11) unsigned NOT NULL auto_increment,
  `parent_id` int(11) unsigned NOT NULL default '0',
  `title` varchar(255) NOT NULL default '',
  `alias` varchar(255) NOT NULL default '',
  `text` mediumtext NOT NULL,
  `meta_keywords` text NOT NULL,
  `meta_description` text NOT NULL,
  `image` text NOT NULL,
  `published` tinyint(1) NOT NULL default '0',
  `checked_out` int(11) unsigned NOT NULL default '0',
  `checked_out_time` datetime NOT NULL default '0000-00-00 00:00:00',
  `access` int(11) unsigned NOT NULL default '0',
  `ordering` int(11) NOT NULL default '0',
  PRIMARY KEY  (`id`)
) ENGINE=MyISAM DEFAULT CHARSET=utf8;

/*Data for the table `jos_quickfaq_categories` */

/*Table structure for table `jos_quickfaq_cats_item_relations` */


CREATE TABLE `jos_quickfaq_cats_item_relations` (
  `catid` int(11) NOT NULL default '0',
  `itemid` int(11) NOT NULL default '0',
  `ordering` tinyint(11) NOT NULL,
  PRIMARY KEY  (`catid`,`itemid`),
  KEY `catid` (`catid`),
  KEY `itemid` (`itemid`)
) ENGINE=MyISAM DEFAULT CHARSET=utf8;

/*Data for the table `jos_quickfaq_cats_item_relations` */

/*Table structure for table `jos_quickfaq_favourites` */


CREATE TABLE `jos_quickfaq_favourites` (
  `id` int(11) NOT NULL auto_increment,
  `itemid` int(11) NOT NULL default '0',
  `userid` int(11) NOT NULL default '0',
  PRIMARY KEY  (`id`,`itemid`,`userid`),
  KEY `id` (`id`),
  KEY `itemid` (`itemid`),
  KEY `userid` (`userid`)
) ENGINE=MyISAM DEFAULT CHARSET=utf8;

/*Data for the table `jos_quickfaq_favourites` */

/*Table structure for table `jos_quickfaq_files` */


CREATE TABLE `jos_quickfaq_files` (
  `id` int(11) NOT NULL auto_increment,
  `filename` varchar(255) NOT NULL,
  `altname` varchar(255) NOT NULL,
  `hits` int(11) unsigned NOT NULL default '0',
  `uploaded` datetime NOT NULL default '0000-00-00 00:00:00',
  `uploaded_by` int(11) unsigned NOT NULL default '0',
  `checked_out` int(11) unsigned NOT NULL default '0',
  `checked_out_time` datetime NOT NULL default '0000-00-00 00:00:00',
  PRIMARY KEY  (`id`)
) ENGINE=MyISAM DEFAULT CHARSET=utf8;

/*Data for the table `jos_quickfaq_files` */

/*Table structure for table `jos_quickfaq_files_item_relations` */


CREATE TABLE `jos_quickfaq_files_item_relations` (
  `fileid` int(11) NOT NULL default '0',
  `itemid` int(11) NOT NULL default '0',
  `ordering` tinyint(11) NOT NULL,
  PRIMARY KEY  (`fileid`,`itemid`),
  KEY `fileid` (`fileid`),
  KEY `itemid` (`itemid`)
) ENGINE=MyISAM DEFAULT CHARSET=utf8;

/*Data for the table `jos_quickfaq_files_item_relations` */

/*Table structure for table `jos_quickfaq_items` */


CREATE TABLE `jos_quickfaq_items` (
  `id` int(11) NOT NULL auto_increment,
  `title` varchar(255) NOT NULL default '',
  `alias` varchar(255) NOT NULL default '',
  `introtext` mediumtext NOT NULL,
  `fulltext` mediumtext NOT NULL,
  `plus` int(11) default '0',
  `minus` int(11) default '0',
  `hits` int(11) unsigned NOT NULL default '0',
  `version` int(11) unsigned NOT NULL default '0',
  `meta_keywords` text NOT NULL,
  `meta_description` text NOT NULL,
  `metadata` text NOT NULL,
  `created` datetime NOT NULL default '0000-00-00 00:00:00',
  `created_by` int(11) unsigned NOT NULL default '0',
  `created_by_alias` text NOT NULL,
  `modified` datetime NOT NULL default '0000-00-00 00:00:00',
  `modified_by` int(11) unsigned NOT NULL default '0',
  `attribs` text NOT NULL,
  `checked_out` int(11) unsigned NOT NULL default '0',
  `checked_out_time` datetime NOT NULL,
  `state` tinyint(1) NOT NULL default '0',
  `ordering` int(11) default '0',
  PRIMARY KEY  (`id`)
) ENGINE=MyISAM DEFAULT CHARSET=utf8;

/*Data for the table `jos_quickfaq_items` */

/*Table structure for table `jos_quickfaq_tags` */


CREATE TABLE `jos_quickfaq_tags` (
  `id` int(11) NOT NULL auto_increment,
  `name` varchar(255) NOT NULL,
  `alias` varchar(255) NOT NULL,
  `published` tinyint(1) NOT NULL,
  `checked_out` int(11) unsigned NOT NULL default '0',
  `checked_out_time` datetime NOT NULL default '0000-00-00 00:00:00',
  PRIMARY KEY  (`id`)
) ENGINE=MyISAM DEFAULT CHARSET=utf8;

/*Data for the table `jos_quickfaq_tags` */

/*Table structure for table `jos_quickfaq_tags_item_relations` */


CREATE TABLE `jos_quickfaq_tags_item_relations` (
  `tid` int(11) NOT NULL default '0',
  `itemid` int(11) NOT NULL default '0',
  PRIMARY KEY  (`tid`,`itemid`),
  KEY `tid` (`tid`),
  KEY `itemid` (`itemid`)
) ENGINE=MyISAM DEFAULT CHARSET=utf8;

/*Data for the table `jos_quickfaq_tags_item_relations` */

/*Table structure for table `jos_redirection` */


CREATE TABLE `jos_redirection` (
  `id` int(11) NOT NULL auto_increment,
  `cpt` int(11) NOT NULL default '0',
  `rank` int(11) NOT NULL default '0',
  `oldurl` varchar(255) NOT NULL default '',
  `newurl` varchar(255) NOT NULL default '',
  `dateadd` date NOT NULL default '0000-00-00',
  PRIMARY KEY  (`id`),
  KEY `newurl` (`newurl`),
  KEY `rank` (`rank`),
  KEY `oldurl` (`oldurl`)
) ENGINE=MyISAM DEFAULT CHARSET=latin1;

/*Data for the table `jos_redirection` */

/*Table structure for table `jos_sections` */


CREATE TABLE `jos_sections` (
  `id` int(11) NOT NULL auto_increment,
  `title` varchar(255) NOT NULL default '',
  `name` varchar(255) NOT NULL default '',
  `alias` varchar(255) NOT NULL default '',
  `image` text NOT NULL,
  `scope` varchar(50) NOT NULL default '',
  `image_position` varchar(30) NOT NULL default '',
  `description` text NOT NULL,
  `published` tinyint(1) NOT NULL default '0',
  `checked_out` int(11) unsigned NOT NULL default '0',
  `checked_out_time` datetime NOT NULL default '0000-00-00 00:00:00',
  `ordering` int(11) NOT NULL default '0',
  `access` tinyint(3) unsigned NOT NULL default '0',
  `count` int(11) NOT NULL default '0',
  `params` text NOT NULL,
  PRIMARY KEY  (`id`),
  KEY `idx_scope` (`scope`)
) ENGINE=MyISAM AUTO_INCREMENT=2 DEFAULT CHARSET=utf8;

/*Data for the table `jos_sections` */

insert  into `jos_sections`(`id`,`title`,`name`,`alias`,`image`,`scope`,`image_position`,`description`,`published`,`checked_out`,`checked_out_time`,`ordering`,`access`,`count`,`params`) values (1,'Joomla Packages','','joomla-packages','','content','left','feel free to delete this section once you\'ve read all its content',1,0,'0000-00-00 00:00:00',1,0,1,'');

/*Table structure for table `jos_sh404sef_aliases` */


CREATE TABLE `jos_sh404sef_aliases` (
  `id` int(11) NOT NULL auto_increment,
  `newurl` varchar(255) NOT NULL default '',
  `alias` varchar(255) NOT NULL default '',
  PRIMARY KEY  (`id`),
  KEY `newurl` (`newurl`),
  KEY `alias` (`alias`)
) ENGINE=MyISAM DEFAULT CHARSET=latin1;

/*Data for the table `jos_sh404sef_aliases` */

/*Table structure for table `jos_sh404sef_meta` */


CREATE TABLE `jos_sh404sef_meta` (
  `id` int(11) NOT NULL auto_increment,
  `newurl` varchar(255) NOT NULL default '',
  `metadesc` varchar(255) default '',
  `metakey` varchar(255) default '',
  `metatitle` varchar(255) default '',
  `metalang` varchar(30) default '',
  `metarobots` varchar(30) default '',
  PRIMARY KEY  (`id`),
  KEY `newurl` (`newurl`)
) ENGINE=MyISAM DEFAULT CHARSET=latin1;

/*Data for the table `jos_sh404sef_meta` */

/*Table structure for table `jos_stats_agents` */


CREATE TABLE `jos_stats_agents` (
  `agent` varchar(255) NOT NULL default '',
  `type` tinyint(1) unsigned NOT NULL default '0',
  `hits` int(11) unsigned NOT NULL default '1'
) ENGINE=MyISAM DEFAULT CHARSET=utf8;

/*Data for the table `jos_stats_agents` */

/*Table structure for table `jos_templates_menu` */


CREATE TABLE `jos_templates_menu` (
  `template` varchar(255) NOT NULL default '',
  `menuid` int(11) NOT NULL default '0',
  `client_id` tinyint(4) NOT NULL default '0',
  PRIMARY KEY  (`menuid`,`client_id`,`template`)
) ENGINE=MyISAM DEFAULT CHARSET=utf8;

/*Data for the table `jos_templates_menu` */

insert  into `jos_templates_menu`(`template`,`menuid`,`client_id`) values ('ja_purity',0,0),('khepri',0,1);

/*Table structure for table `jos_weblinks` */


CREATE TABLE `jos_weblinks` (
  `id` int(11) unsigned NOT NULL auto_increment,
  `catid` int(11) NOT NULL default '0',
  `sid` int(11) NOT NULL default '0',
  `title` varchar(250) NOT NULL default '',
  `alias` varchar(255) NOT NULL default '',
  `url` varchar(250) NOT NULL default '',
  `description` text NOT NULL,
  `date` datetime NOT NULL default '0000-00-00 00:00:00',
  `hits` int(11) NOT NULL default '0',
  `published` tinyint(1) NOT NULL default '0',
  `checked_out` int(11) NOT NULL default '0',
  `checked_out_time` datetime NOT NULL default '0000-00-00 00:00:00',
  `ordering` int(11) NOT NULL default '0',
  `archived` tinyint(1) NOT NULL default '0',
  `approved` tinyint(1) NOT NULL default '1',
  `params` text NOT NULL,
  PRIMARY KEY  (`id`),
  KEY `catid` (`catid`,`published`,`archived`)
) ENGINE=MyISAM DEFAULT CHARSET=utf8;

/*Data for the table `jos_weblinks` */

/*Table structure for table `jos_xmap` */


CREATE TABLE `jos_xmap` (
  `name` varchar(30) NOT NULL,
  `value` varchar(100) default NULL,
  PRIMARY KEY  (`name`)
) ENGINE=InnoDB DEFAULT CHARSET=latin1;

/*Data for the table `jos_xmap` */

insert  into `jos_xmap`(`name`,`value`) values ('classname','sitemap'),('columns','1'),('exclmenus',''),('exclude_css','0'),('exclude_xsl','0'),('exlinks','1'),('expand_category','1'),('expand_section','1'),('ext_image','img_grey.gif'),('includelink','1'),('show_menutitle','1'),('sitemap_default','1'),('version','1.1');

/*Table structure for table `jos_xmap_ext` */


CREATE TABLE `jos_xmap_ext` (
  `id` int(11) NOT NULL auto_increment,
  `extension` varchar(100) NOT NULL,
  `published` int(1) default '0',
  `params` text,
  PRIMARY KEY  (`id`)
) ENGINE=InnoDB DEFAULT CHARSET=latin1;

/*Data for the table `jos_xmap_ext` */

insert  into `jos_xmap_ext`(`id`,`extension`,`published`,`params`) values (1,'com_content',1,'-1{expand_categories=1\nexpand_sections=1\nshow_unauth=0\nmax_art=0\nmax_art_age=0\ncat_priority=-1\ncat_changefreq=-1\nart_priority=-1\nart_changefreq=-1\n}'),(2,'com_quickfaq',0,'-1{include_items=1\ncat_priority=-1\ncat_changefreq=-1\nitem_priority=-1\nitem_changefreq=-1\n}');

/*Table structure for table `jos_xmap_sitemap` */


CREATE TABLE `jos_xmap_sitemap` (
  `id` int(11) NOT NULL auto_increment,
  `name` varchar(255) default NULL,
  `expand_category` int(11) default NULL,
  `expand_section` int(11) default NULL,
  `show_menutitle` int(11) default NULL,
  `columns` int(11) default NULL,
  `exlinks` int(11) default NULL,
  `ext_image` varchar(255) default NULL,
  `menus` text,
  `exclmenus` varchar(255) default NULL,
  `includelink` int(11) default NULL,
  `usecache` int(11) default NULL,
  `cachelifetime` int(11) default NULL,
  `classname` varchar(255) default NULL,
  `count_xml` int(11) default NULL,
  `count_html` int(11) default NULL,
  `views_xml` int(11) default NULL,
  `views_html` int(11) default NULL,
  `lastvisit_xml` int(11) default NULL,
  `lastvisit_html` int(11) default NULL,
  `excluded_items` varchar(255) default NULL,
  `compress_xml` int(11) default NULL,
  PRIMARY KEY  (`id`)
) ENGINE=InnoDB DEFAULT CHARSET=latin1;

/*Data for the table `jos_xmap_sitemap` */

insert  into `jos_xmap_sitemap`(`id`,`name`,`expand_category`,`expand_section`,`show_menutitle`,`columns`,`exlinks`,`ext_image`,`menus`,`exclmenus`,`includelink`,`usecache`,`cachelifetime`,`classname`,`count_xml`,`count_html`,`views_xml`,`views_html`,`lastvisit_xml`,`lastvisit_html`,`excluded_items`,`compress_xml`) values (1,'New Sitemap',1,1,1,1,1,'img_grey.gif','mainmenu,0,1,1,0.5,daily','',1,0,15,'xmap',0,0,0,0,0,0,'',0);

